{"id":7358,"date":"2021-03-20T06:41:58","date_gmt":"2021-03-20T06:41:58","guid":{"rendered":"https:\/\/linksoft.ro\/staging\/staging\/?page_id=7358"},"modified":"2021-04-05T14:56:54","modified_gmt":"2021-04-05T14:56:54","slug":"conseil","status":"publish","type":"page","link":"https:\/\/linksoft.ro\/staging\/conseil\/","title":{"rendered":"Conseil"},"content":{"rendered":"<div class=\"wpb-content-wrapper\"><p>[vc_row offset_top=&#8221;180&#8243; is_overlay=&#8221;enable&#8221; overlay_opacity=&#8221;65&#8243; overlay_color=&#8221;#192435&#8243; css=&#8221;.vc_custom_1613417653105{background-image: url(https:\/\/linksoft.ro\/staging\/wp-content\/uploads\/2021\/02\/Asset-14.png?id=6560) !important;}&#8221; class=&#8221;hitb&#8221;][vc_column][vc_column_text class=&#8221;titlu-pagina&#8221;]<\/p>\n<h1>Conseil<\/h1>\n<p>Nous nous concentrons sur la maximisation du potentiel des<br \/>\nsyst\u00e8mes Dynamics 365 et la livraison au-del\u00e0 des attentes.[\/vc_column_text]<div class=\"text-left\"><a href=\"http:\/\/fr\/contact\/\" title=\"Contact\" data-custom-color=\".btn-custom-719fe0f9 {background-color: #1e53a8;}\n.btn-custom-719fe0f9:hover {background-color: #163e7d;}\" class=\"btn btn-solid btn-rounded btn-custom btn-lg buton-titlu btn-custom-719fe0f9\">Contactez-nous<\/a><\/div>[\/vc_column][\/vc_row][vc_row offset_top=&#8221;180&#8243; class=&#8221;partenerul&#8221;][vc_column width=&#8221;1\/6&#8243;][\/vc_column][vc_column width=&#8221;2\/3&#8243;]<h2 class=\"block-title text-dark text-center\">En construit tr\u00e8s bien le logiciel CRM pour qu\u2019il ne vous reste rien \u00e0 faire.<\/h2><hr class=\"hr-solid hr-custom\" style=\"border-top-color: #e32636; border-top-width: 2px; opacity: 1;\">[vc_column_text]<\/p>\n<p style=\"text-align: center;\">Nous comprenons que la mise en \u0153uvre ou la revitalisation d&#8217;un syst\u00e8me CRM peut sembler un d\u00e9fi impossible \u00e0 premi\u00e8re vue. C&#8217;est pourquoi nous nous engageons \u00e0 vous aider dans ce voyage, en commen\u00e7ant par la planification strat\u00e9gique et en vous guidant \u00e0 travers toutes les \u00e9tapes, y compris la formation du personnel ou l&#8217;assistance technique. Notre exp\u00e9rience certifi\u00e9e est votre garantie d&#8217;un avenir digital r\u00e9ussi.<\/p>\n<p>[\/vc_column_text][\/vc_column][vc_column width=&#8221;1\/6&#8243;][\/vc_column][\/vc_row][vc_row offset_top=&#8221;180&#8243; class=&#8221;sectiunea2&#8243;][vc_column width=&#8221;1\/6&#8243;][\/vc_column][vc_column width=&#8221;2\/3&#8243;]<h2 class=\"block-title text-dark text-center\">Ce que nous faisons en tant que consultants<\/h2><hr class=\"hr-solid hr-custom\" style=\"border-top-color: #e32636; border-top-width: 2px; opacity: 1;\">[\/vc_column][vc_column width=&#8221;1\/6&#8243;][\/vc_column][\/vc_row][vc_row offset_top=&#8221;180&#8243; class=&#8221;icoane-echipa&#8221;][vc_column width=&#8221;1\/4&#8243;]<div class=\"icon-box icon-box-vertical icon-box-dark icon-box-type-image bg-no text-left\">\n\n\t<div class=\"icon-box-icon\"><img decoding=\"async\" src=\"https:\/\/linksoft.ro\/staging\/wp-content\/uploads\/2021\/02\/Audit.svg\" class=\"attachment-full size-full\" alt=\"\" \/><\/div><h3 class=\"icon-box-title\">Audit<\/h3>\t\t<div class=\"icon-box-description\">\n\t\t\t<p>En partant des configurations le plus simples aux processus et structures de travail les plus complexes, nous analysons le d\u00e9roulement devotre activit\u00e9 et on vous offre des conseils en ce qui concerne les outils \u00e0 envisager pour optimiser votre flux op\u00e9rationnel.<\/p>\n\t\t<\/div>\n\t<\/div>[\/vc_column][vc_column width=&#8221;1\/4&#8243;]<div class=\"icon-box icon-box-vertical icon-box-dark icon-box-type-image bg-no text-left\">\n\n\t<div class=\"icon-box-icon\"><img decoding=\"async\" src=\"https:\/\/linksoft.ro\/staging\/wp-content\/uploads\/2021\/02\/Analiza.svg\" class=\"attachment-full size-full\" alt=\"\" \/><\/div><h3 class=\"icon-box-title\">Analyse<\/h3>\t\t<div class=\"icon-box-description\">\n\t\t\t<p>Tout au long de notre activit\u00e9 dans diff\u00e9rents et secteurs d&#8217;activit\u00e9, nous avons identifi\u00e9 plusieurs mod\u00e8les d&#8217;organisation des informations d&#8217;entreprise. En analysant soigneusement les donn\u00e9es que vous fournissez, on s\u2019efforce \u00e0 cr\u00e9er une structure de donn\u00e9es parfaitement optimis\u00e9e, la mieux adapt\u00e9e \u00e0 vos besoins commerciaux.<\/p>\n\t\t<\/div>\n\t<\/div>[\/vc_column][vc_column width=&#8221;1\/4&#8243;]<div class=\"icon-box icon-box-vertical icon-box-dark icon-box-type-image bg-no text-left\">\n\n\t<div class=\"icon-box-icon\"><img decoding=\"async\" src=\"https:\/\/linksoft.ro\/staging\/wp-content\/uploads\/2021\/02\/Selectie.svg\" class=\"attachment-full size-full\" alt=\"\" \/><\/div><h3 class=\"icon-box-title\">Solutions personnalis\u00e9es<\/h3>\t\t<div class=\"icon-box-description\">\n\t\t\t<p>On offre un aper\u00e7u complet de toutes les options disponibles, afin que vous puissiez prendre la meilleure d\u00e9cision lorsqu&#8217;il s&#8217;agit de choisir les options de personnalisation et de les \u00e9valuer par rapport aux co\u00fbts de licence.<\/p>\n\t\t<\/div>\n\t<\/div>[\/vc_column][vc_column width=&#8221;1\/4&#8243;]<div class=\"icon-box icon-box-vertical icon-box-dark icon-box-type-image bg-no text-left\">\n\n\t<div class=\"icon-box-icon\"><img decoding=\"async\" src=\"https:\/\/linksoft.ro\/staging\/wp-content\/uploads\/2021\/02\/Automatizare.svg\" class=\"attachment-full size-full\" alt=\"\" \/><\/div><h3 class=\"icon-box-title\">Automatisation<\/h3>\t\t<div class=\"icon-box-description\">\n\t\t\t<p>Nous vous aidons \u00e0 identifier les processus manuels r\u00e9currents et \u00e0 d\u00e9velopper des flux de travail automatiques afin de permettre \u00e0 votre \u00e9quipe de se concentrer sur des t\u00e2ches plus difficiles, augmentant ainsi la productivit\u00e9 et r\u00e9duisant les co\u00fbts d&#8217;exploitation.<\/p>\n\t\t<\/div>\n\t<\/div>[\/vc_column][\/vc_row][vc_row offset_top=&#8221;180&#8243; class=&#8221;icoane-echipa&#8221;][vc_column width=&#8221;1\/4&#8243;]<div class=\"icon-box icon-box-vertical icon-box-dark icon-box-type-image bg-no text-left\">\n\n\t<div class=\"icon-box-icon\"><img decoding=\"async\" src=\"https:\/\/linksoft.ro\/staging\/wp-content\/uploads\/2021\/02\/Colaborare.svg\" class=\"attachment-full size-full\" alt=\"\" \/><\/div><h3 class=\"icon-box-title\">Encouragez la communication<\/h3>\t\t<div class=\"icon-box-description\">\n\t\t\t<p>Nous pensons que l&#8217;une des cl\u00e9s d&#8217;une solution r\u00e9ussie est de permettre \u00e0 vos services de communiquer plus efficacement en leur donnant acc\u00e8s aux m\u00eames informations. Nos solutions vous permettent de collaborer sur une multitude de plateformes en vous assurant qu&#8217;aucun d\u00e9tail de votre projet ne reste inaper\u00e7u.<\/p>\n\t\t<\/div>\n\t<\/div>[\/vc_column][vc_column width=&#8221;1\/4&#8243;]<div class=\"icon-box icon-box-vertical icon-box-dark icon-box-type-image bg-no text-left\">\n\n\t<div class=\"icon-box-icon\"><img decoding=\"async\" src=\"https:\/\/linksoft.ro\/staging\/wp-content\/uploads\/2021\/02\/Uniformizare.svg\" class=\"attachment-full size-full\" alt=\"\" \/><\/div><h3 class=\"icon-box-title\">Uniformisation des donn\u00e9es<\/h3>\t\t<div class=\"icon-box-description\">\n\t\t\t<p>Nous vous conseillons sur les meilleurs moyens d&#8217;int\u00e9grer des donn\u00e9es provenant de sources multiples et de cr\u00e9er des mod\u00e8les de donn\u00e9es communs qui peuvent vous rapprocher de la compr\u00e9hension de vos clients et de vos \u00e9quipes.<\/p>\n\t\t<\/div>\n\t<\/div>[\/vc_column][vc_column width=&#8221;1\/4&#8243;]<div class=\"icon-box icon-box-vertical icon-box-dark icon-box-type-image bg-no text-left\">\n\n\t<div class=\"icon-box-icon\"><img decoding=\"async\" src=\"https:\/\/linksoft.ro\/staging\/wp-content\/uploads\/2021\/02\/Scalabilitate.svg\" class=\"attachment-full size-full\" alt=\"\" \/><\/div><h3 class=\"icon-box-title\">\u00c9volution<\/h3>\t\t<div class=\"icon-box-description\">\n\t\t\t<p>Nous pouvons vous accompagner dans la construction d&#8217;une strat\u00e9gie de d\u00e9veloppement de vos solutions, afin que toutes les impl\u00e9mentations vous aident \u00e0 \u00e9voluer, tout en tenant compte de la strat\u00e9gie commerciale.<\/p>\n\t\t<\/div>\n\t<\/div>[\/vc_column][vc_column width=&#8221;1\/4&#8243;]<div class=\"icon-box icon-box-vertical icon-box-dark icon-box-type-image bg-no text-left\">\n\n\t<div class=\"icon-box-icon\"><img decoding=\"async\" src=\"https:\/\/linksoft.ro\/staging\/wp-content\/uploads\/2021\/02\/Securitate.svg\" class=\"attachment-full size-full\" alt=\"Siguran\u021ba Datelor\" \/><\/div><h3 class=\"icon-box-title\">S\u00e9curit\u00e9<\/h3>\t\t<div class=\"icon-box-description\">\n\t\t\t<p>Nous pouvons vous accompagner dans la mise en place d\u2019un syst\u00e8me efficace de s\u00e9curit\u00e9 des donn\u00e9es de votre entreprise, en construisant une matrice de s\u00e9curit\u00e9 parfaitement adapt\u00e9e, afin de r\u00e9pondre le mieux \u00e0 vos besoins de gestion.<\/p>\n\t\t<\/div>\n\t<\/div>[\/vc_column][\/vc_row][vc_row offset_top=&#8221;180&#8243; class=&#8221;sectiunea2&#8243;][vc_column width=&#8221;1\/6&#8243;][\/vc_column][vc_column width=&#8221;2\/3&#8243;]<h2 class=\"block-title text-dark text-center\">Notre approche<\/h2><hr class=\"hr-solid hr-custom\" style=\"border-top-color: #e32636; border-top-width: 2px; opacity: 1;\">[\/vc_column][vc_column width=&#8221;1\/6&#8243;][\/vc_column][\/vc_row][vc_row offset_top=&#8221;180&#8243; class=&#8221;icoane-echipa servicii-principii sol-crm&#8221;][vc_column width=&#8221;1\/3&#8243;]<div class=\"icon-box icon-box-vertical icon-box-dark icon-box-type-image bg-no text-left\">\n\n\t<h3 class=\"icon-box-title\">Savoir-faire<\/h3>\t\t<div class=\"icon-box-description\">\n\t\t\t<p>Dans des cas sp\u00e9cifiques, lorsque le faible degr\u00e9 de personnalisation ralentit ou inhibe la relation avec les clients et l&#8217;expansion de l&#8217;entreprise, nos consultants sont pr\u00eats \u00e0 offrir des fonctionnalit\u00e9s sophistiqu\u00e9es &#8211; de la gestion de l&#8217;information client, \u00e0 l&#8217;automatisation des ventes, \u00e0 l\u2019int\u00e9gration de centre d\u2019appels ou m\u00eame \u00e0 des rapports complexes de performance.<\/p>\n\t\t<\/div>\n\t<\/div>[\/vc_column][vc_column width=&#8221;1\/3&#8243;]<div class=\"icon-box icon-box-vertical icon-box-dark icon-box-type-image bg-no text-left\">\n\n\t<h3 class=\"icon-box-title\">Pratiques et normes<\/h3>\t\t<div class=\"icon-box-description\">\n\t\t\t<p>Nous partons toujours de vous et de vos besoins afin de vous proposer la bonne solution. Parce que nous connaissons la diff\u00e9rence entre soigner un patient, accorder un pr\u00eat ou fournir du gaz. Le changement positif gr\u00e2ce \u00e0 la personnalisation de Microsoft 365 implique des solutions qui s\u2019int\u00e8grent dans votre de mani\u00e8re sp\u00e9cifique dans votre projet en r\u00e9pondant \u00e0 vos attentes et en s\u2019int\u00e9grant dans votre budget.<\/p>\n\t\t<\/div>\n\t<\/div>[\/vc_column][vc_column width=&#8221;1\/3&#8243;]<div class=\"icon-box icon-box-vertical icon-box-dark icon-box-type-image bg-no text-left\">\n\n\t<h3 class=\"icon-box-title\">Orientation vers le client<\/h3>\t\t<div class=\"icon-box-description\">\n\t\t\t<p>Nous adaptons l&#8217;approche de la solution Microsoft Dynamics 365 en fonction des exigences strictes de votre environnement professionnel. Notre grande exp\u00e9rience de collaboration avec des entreprises B2B et B2C dans de multiples verticales commerciales nous permet de vous offrir des informations cruciales sur les meilleures pratiques, mais aussi des solutions efficaces \u00e0 vos probl\u00e8mes dans le domaine du logiciel CRM.<\/p>\n\t\t<\/div>\n\t<\/div>[\/vc_column][\/vc_row][vc_row offset_top=&#8221;180&#8243; class=&#8221;sectiunea2&#8243;][vc_column width=&#8221;1\/6&#8243;][\/vc_column][vc_column width=&#8221;2\/3&#8243;]<h2 class=\"block-title text-dark text-center titlu-ti\">Entrer en contact!<small class=\"h2\">Laissez un message et l&#039;un de nos consultants vous contactera dans les prochaines 24 heures.<\/small><\/h2><hr class=\"hr-solid hr-custom\" style=\"border-top-color: #e32636; border-top-width: 2px; opacity: 1;\">[\/vc_column][vc_column width=&#8221;1\/6&#8243;][\/vc_column][\/vc_row][vc_row][vc_column width=&#8221;1\/6&#8243;][\/vc_column][vc_column width=&#8221;2\/3&#8243;][wpforms id=&#8221;7338&#8243; title=&#8221;false&#8221; description=&#8221;false&#8221;][\/vc_column][vc_column width=&#8221;1\/6&#8243;][\/vc_column][\/vc_row]<\/p>\n<\/div>","protected":false},"excerpt":{"rendered":"<p class=\"post-excerpt\">[vc_row offset_top=&#8221;180&#8243; is_overlay=&#8221;enable&#8221; overlay_opacity=&#8221;65&#8243; overlay_color=&#8221;#192435&#8243; css=&#8221;.vc_custom_1613417653105{background-image: url(https:\/\/linksoft.ro\/staging\/wp-content\/uploads\/2021\/02\/Asset-14.png?id=6560) !important;}&#8221; class=&#8221;hitb&#8221;][vc_column][vc_column_text class=&#8221;titlu-pagina&#8221;] Conseil Nous nous concentrons sur la maximisation du potentiel des syst\u00e8mes Dynamics 365 et la livraison au-del\u00e0 des attentes.[\/vc_column_text][\/vc_column][\/vc_row][vc_row offset_top=&#8221;180&#8243; class=&#8221;partenerul&#8221;][vc_column width=&#8221;1\/6&#8243;][\/vc_column][vc_column width=&#8221;2\/3&#8243;][vc_column_text] Nous comprenons que la mise en \u0153uvre ou la revitalisation d&#8217;un syst\u00e8me CRM peut sembler un d\u00e9fi&#8230;\n<\/p>","protected":false},"author":13,"featured_media":0,"parent":0,"menu_order":0,"comment_status":"closed","ping_status":"closed","template":"","meta":{"footnotes":""},"class_list":["post-7358","page","type-page","status-publish","hentry"],"_links":{"self":[{"href":"https:\/\/linksoft.ro\/staging\/wp-json\/wp\/v2\/pages\/7358","targetHints":{"allow":["GET"]}}],"collection":[{"href":"https:\/\/linksoft.ro\/staging\/wp-json\/wp\/v2\/pages"}],"about":[{"href":"https:\/\/linksoft.ro\/staging\/wp-json\/wp\/v2\/types\/page"}],"author":[{"embeddable":true,"href":"https:\/\/linksoft.ro\/staging\/wp-json\/wp\/v2\/users\/13"}],"replies":[{"embeddable":true,"href":"https:\/\/linksoft.ro\/staging\/wp-json\/wp\/v2\/comments?post=7358"}],"version-history":[{"count":0,"href":"https:\/\/linksoft.ro\/staging\/wp-json\/wp\/v2\/pages\/7358\/revisions"}],"wp:attachment":[{"href":"https:\/\/linksoft.ro\/staging\/wp-json\/wp\/v2\/media?parent=7358"}],"curies":[{"name":"wp","href":"https:\/\/api.w.org\/{rel}","templated":true}]}}