{"id":7484,"date":"2016-11-01T19:50:19","date_gmt":"2016-11-01T19:50:19","guid":{"rendered":"https:\/\/linksoft.ro\/staging\/staging\/?page_id=7484"},"modified":"2021-10-27T06:18:31","modified_gmt":"2021-10-27T06:18:31","slug":"dynamics-365","status":"publish","type":"page","link":"https:\/\/linksoft.ro\/staging\/dynamics-365\/","title":{"rendered":"Dynamics 365"},"content":{"rendered":"<div class=\"wpb-content-wrapper\"><p>[vc_row offset_top=&#8221;180&#8243; is_overlay=&#8221;enable&#8221; overlay_opacity=&#8221;65&#8243; overlay_color=&#8221;#192435&#8243; css=&#8221;.vc_custom_1613417753053{background-image: url(https:\/\/linksoft.ro\/staging\/wp-content\/uploads\/2021\/02\/Asset-120.png?id=6576) !important;}&#8221; class=&#8221;hitb&#8221;][vc_column][vc_column_text class=&#8221;titlu-pagina&#8221;]<\/p>\n<h1>Microsoft Dynamics 365<\/h1>\n<p>Transformez vos processus m\u00e9tier \u00e0 l&#8217;aide d&#8217;applications<br \/>\nintelligentes qui fonctionnent ensemble de mani\u00e8re<br \/>\ntransparente dans le cloud.[\/vc_column_text]<div class=\"text-left\"><a href=\"\/fr\/contact\/\" title=\"Contact\" data-custom-color=\".btn-custom-393607ea {background-color: #1e53a8;}\n.btn-custom-393607ea:hover {background-color: #163e7d;}\" class=\"btn btn-solid btn-rounded btn-custom btn-lg buton-titlu btn-custom-393607ea\">Contactez-nous<\/a><\/div>[\/vc_column][\/vc_row][vc_row offset_top=&#8221;180&#8243; class=&#8221;partenerul&#8221;][vc_column width=&#8221;1\/6&#8243;][\/vc_column][vc_column width=&#8221;2\/3&#8243;]<h2 class=\"block-title text-dark text-center\">Qu&#039;est-ce que c&#039;est Microsoft Dynamics 365?<\/h2><hr class=\"hr-solid hr-custom\" style=\"border-top-color: #e32636; border-top-width: 2px; opacity: 1;\">[vc_column_text]<\/p>\n<p style=\"text-align: center;\">Microsoft Dynamics 365 est une solution bas\u00e9e sur le cloud qui combine les capacit\u00e9s CRM et ERP dans des applications qui fonctionnent ensemble de mani\u00e8re transparente et connectent votre entreprise, en partant du marketing et des ventes jusqu\u2019aux op\u00e9rations, aux finances et aux relations avec les clients. La solution transforme les op\u00e9rations en donnant \u00e0 tous les employ\u00e9s, acc\u00e8s aux donn\u00e9es collect\u00e9es en temps r\u00e9el, ce qui vous permet d&#8217;etablir des relations plus solides et de prendre de meilleures d\u00e9cisions commerciales.<\/p>\n<p>[\/vc_column_text][\/vc_column][vc_column width=&#8221;1\/6&#8243;][\/vc_column][\/vc_row][vc_row offset_top=&#8221;180&#8243; class=&#8221;partenerul&#8221;][vc_column width=&#8221;1\/6&#8243;][\/vc_column][vc_column width=&#8221;2\/3&#8243;]<h2 class=\"block-title text-dark text-center\">Pourqoi Microsoft Dynamics CRM?<\/h2><hr class=\"hr-solid hr-custom\" style=\"border-top-color: #e32636; border-top-width: 2px; opacity: 1;\">[\/vc_column][vc_column width=&#8221;1\/6&#8243;][\/vc_column][\/vc_row][vc_row offset_top=&#8221;180&#8243; class=&#8221;icoane-echipa&#8221;][vc_column width=&#8221;1\/4&#8243;]<div class=\"icon-box icon-box-vertical icon-box-dark icon-box-type-image bg-no text-left\">\n\n\t<div class=\"icon-box-icon\"><img decoding=\"async\" src=\"https:\/\/linksoft.ro\/staging\/wp-content\/uploads\/2021\/01\/Microsoft.svg\" class=\"attachment-full size-full\" alt=\"\" \/><\/div><h3 class=\"icon-box-title\">Int\u00e9gration native avec Microsoft<\/h3>\t\t<div class=\"icon-box-description\">\n\t\t\t<p>Dynamics 365 CRM fournit aux entreprises qui s&#8217;appuient sur les suites Microsoft Office une int\u00e9gration efficace avec les logiciels de bureau de tous les jours, contrairement aux autres syst\u00e8mes CRM, qui doivent d\u00e9velopper des solutions d&#8217;int\u00e9gration suppl\u00e9mentaires.<\/p>\n\t\t<\/div>\n\t<\/div>[\/vc_column][vc_column width=&#8221;1\/4&#8243;]<div class=\"icon-box icon-box-vertical icon-box-dark icon-box-type-image bg-no text-left\">\n\n\t<div class=\"icon-box-icon\"><img decoding=\"async\" src=\"https:\/\/linksoft.ro\/staging\/wp-content\/uploads\/2021\/01\/Raportare.svg\" class=\"attachment-full size-full\" alt=\"\" \/><\/div><h3 class=\"icon-box-title\">Rapports pr\u00e9cis<\/h3>\t\t<div class=\"icon-box-description\">\n\t\t\t<p>Cr\u00e9ez des rapports ax\u00e9s sur la pr\u00e9cision et g\u00e9n\u00e9rez des graphiques explicatifs pour communiquer vos id\u00e9es plus efficacement, le tout en utilisant les fonctionnalit\u00e9s standard de la plateforme.<\/p>\n\t\t<\/div>\n\t<\/div>[\/vc_column][vc_column width=&#8221;1\/4&#8243;]<div class=\"icon-box icon-box-vertical icon-box-dark icon-box-type-image bg-no text-left\">\n\n\t<div class=\"icon-box-icon\"><img decoding=\"async\" src=\"https:\/\/linksoft.ro\/staging\/wp-content\/uploads\/2021\/01\/Scalabilitate.svg\" class=\"attachment-full size-full\" alt=\"\" \/><\/div><h3 class=\"icon-box-title\">Plateforme evolutive<\/h3>\t\t<div class=\"icon-box-description\">\n\t\t\t<p>Vous disposez de performances et d&#8217;une flexibilit\u00e9 accrues, d&#8217;une technologie de pointe, ainsi que d&#8217;une architecture robuste et durable. Les solutions s&#8217;int\u00e8grent facilement avec d&#8217;autres solutions de gestion d\u00e9j\u00e0 utilis\u00e9es par votre entreprise.<\/p>\n\t\t<\/div>\n\t<\/div>[\/vc_column][vc_column width=&#8221;1\/4&#8243;]<div class=\"icon-box icon-box-vertical icon-box-dark icon-box-type-image bg-no text-left\">\n\n\t<div class=\"icon-box-icon\"><img decoding=\"async\" src=\"https:\/\/linksoft.ro\/staging\/wp-content\/uploads\/2021\/01\/Mobilitate.svg\" class=\"attachment-full size-full\" alt=\"\" \/><\/div><h3 class=\"icon-box-title\">Acc\u00e9dez partout<\/h3>\t\t<div class=\"icon-box-description\">\n\t\t\t<p>Dynamics 365 CRM est con\u00e7u pour augmenter votre efficacit\u00e9, de partout, depuis n\u2019importe quel appareil mobile, m\u00eame sans acc\u00e8s \u00e0 l\u2019Internet.<\/p>\n\t\t<\/div>\n\t<\/div>[\/vc_column][\/vc_row][vc_row offset_top=&#8221;180&#8243; class=&#8221;sectiunea2&#8243; css=&#8221;.vc_custom_1611067330909{padding-top: 25px !important;background-color: #f6f6f6 !important;}&#8221;][vc_column width=&#8221;1\/6&#8243;][\/vc_column][vc_column width=&#8221;2\/3&#8243;]<h2 class=\"block-title text-dark text-center titlu-ti\">Technologies recommand\u00e9es<small class=\"h2\">id\u00e9al pour rassembler les personnes, les donn\u00e9es et les processus<\/small><\/h2><hr class=\"hr-solid hr-custom\" style=\"border-top-color: #e32636; border-top-width: 2px; opacity: 1;\">[\/vc_column][vc_column width=&#8221;1\/6&#8243;][\/vc_column][\/vc_row][vc_row offset_top=&#8221;180&#8243; class=&#8221;sectiune2 tehnologiibt&#8221; css=&#8221;.vc_custom_1613712637214{background-color: #f6f6f6 !important;}&#8221;][vc_column width=&#8221;1\/2&#8243;][vc_column_text animation=&#8221;zoom-in&#8221; class=&#8221;slickdivplm&#8221;]<\/p>\n<div class=\"ti-home\">\n<div class=\"text22\">\n<div class=\"continut-text22\">\n<h1 class=\"block-title text-dark text-left\"><a href=\"\/fr\/microsoft-dynamics-365-ventes\/\">Dynamics 365<\/a><\/h1>\n<h1 class=\"block-title text-dark text-left\"><a href=\"\/fr\/microsoft-dynamics-365-ventes\/\">Ventes<b style=\"color: #e32636;\">.<\/b><\/a><\/h1>\n<p><a href=\"\/fr\/microsoft-dynamics-365-ventes\/\">La plateforme int\u00e9gr\u00e9e qui vous aide \u00e0 g\u00e9rer l&#8217;ensemble de votre processus d&#8217;affaires.<\/a><\/p>\n<\/div>\n<\/div>\n<div class=\"img22 home-dynamics\">\n<div class=\"over-img22 home-power-over\"><a href=\"\/fr\/microsoft-dynamics-365-ventes\/\"><img loading=\"lazy\" decoding=\"async\" class=\"alignnone size-medium wp-image-7329\" style=\"opacity: 0.8;\" src=\"\/wp-content\/uploads\/2021\/02\/Dynamics.svg\" alt=\"\" width=\"150\" height=\"150\" \/><\/a><\/div>\n<div class=\"over-img22-al\"><\/div>\n<\/div>\n<\/div>\n<p>[\/vc_column_text][vc_column_text animation=&#8221;zoom-in&#8221; class=&#8221;slickdivplm&#8221;]<\/p>\n<div class=\"ti-home\">\n<div class=\"text22\">\n<div class=\"continut-text22\">\n<h1 class=\"block-title text-dark text-left\"><a href=\"\/fr\/microsoft-dynamics-365-marketing\/\">Dynamics 365<\/a><\/h1>\n<h1 class=\"block-title text-dark text-left\"><a href=\"\/fr\/microsoft-dynamics-365-marketing\/\">Marketing<b style=\"color: #e32636;\">.<\/b><\/a><\/h1>\n<p><a href=\"\/fr\/microsoft-dynamics-365-marketing\/\">Automatisez votre activit\u00e9 marketing, apprenez \u00e0 conna\u00eetre vos clients et interagissez plus efficacement avec eux.<\/a><\/p>\n<\/div>\n<\/div>\n<div class=\"img22-al home-power\">\n<div class=\"over-img22 home-power-over\"><a href=\"\/fr\/microsoft-dynamics-365-marketing\/\"><img loading=\"lazy\" decoding=\"async\" class=\"alignnone size-medium wp-image-7329\" style=\"opacity: 0.8;\" src=\"https:\/\/linksoft.ro\/staging\/wp-content\/uploads\/2021\/02\/Power-BI.svg\" alt=\"\" width=\"150\" height=\"150\" \/><\/a><\/div>\n<div class=\"over-img22-al2\"><\/div>\n<\/div>\n<\/div>\n<p>[\/vc_column_text][vc_column_text animation=&#8221;zoom-in&#8221; class=&#8221;slickdivplm&#8221;]<\/p>\n<div class=\"ti-home\">\n<div class=\"text22\">\n<div class=\"continut-text22\">\n<h1 class=\"block-title text-dark text-left\"><a href=\"\/fr\/microsoft-dynamics-365-field-service\/\">Dynamics 365<\/a><\/h1>\n<h1 class=\"block-title text-dark text-left\"><a href=\"\/fr\/microsoft-dynamics-365-field-service\/\">Field Service<b style=\"color: #e32636;\">.<\/b><\/a><\/h1>\n<p><a href=\"\/fr\/microsoft-dynamics-365-field-service\/\">Con\u00e7u pour les organisations de service sur le terrain, il assure une gestion efficace de tous les aspects de l&#8217;activit\u00e9.<\/a><\/p>\n<\/div>\n<\/div>\n<div class=\"img22 home-powerplat\">\n<div class=\"over-img22 home-power-over\"><a href=\"\/fr\/microsoft-dynamics-365-field-service\/\"><img loading=\"lazy\" decoding=\"async\" class=\"alignnone size-medium wp-image-7329\" src=\"\/wp-content\/uploads\/2021\/01\/Field-Service.svg\" alt=\"\" width=\"150\" height=\"150\" \/><\/a><\/div>\n<div class=\"over-img22-al\"><\/div>\n<\/div>\n<\/div>\n<p>[\/vc_column_text][vc_column_text animation=&#8221;zoom-in&#8221; class=&#8221;slickdivplm&#8221;]<\/p>\n<div class=\"ti-home\">\n<div class=\"text22\">\n<div class=\"continut-text22\">\n<h1 class=\"block-title text-dark text-left\"><a href=\"\/fr\/microsoft-dynamics-365-human-resources\/\">Dynamics 365<\/a><\/h1>\n<h1 class=\"block-title text-dark text-left\"><a href=\"\/fr\/microsoft-dynamics-365-human-resources\/\">Human Resources<b style=\"color: #e32636;\">.<\/b><\/a><\/h1>\n<p><a href=\"\/fr\/microsoft-dynamics-365-human-resources\/\">Optimisez la gestion des ressources humaines et maximisez l\u2019efficacit\u00e9 de votre \u00e9quipe.<\/a><\/p>\n<\/div>\n<\/div>\n<div class=\"img22-al home-sharepoint\">\n<div class=\"over-img22 home-power-over\"><a href=\"\/fr\/microsoft-dynamics-365-human-resources\/\"><img loading=\"lazy\" decoding=\"async\" class=\"alignnone size-medium wp-image-7329\" src=\"\/wp-content\/uploads\/2021\/01\/Talent.svg\" alt=\"\" width=\"150\" height=\"150\" \/><\/a><\/div>\n<div class=\"over-img22-al2\"><\/div>\n<\/div>\n<\/div>\n<p>[\/vc_column_text][vc_column_text animation=&#8221;zoom-in&#8221; class=&#8221;slickdivplm&#8221;]<\/p>\n<div class=\"ti-home\">\n<div class=\"text22\">\n<div class=\"continut-text22\">\n<h1 class=\"block-title text-dark text-left\"><a href=\"\/fr\/microsoft-dynamics-365-customer-service\/\">Dynamics 365<\/a><\/h1>\n<h1 class=\"block-title text-dark text-left\"><a href=\"\/fr\/microsoft-dynamics-365-customer-service\/\">Customer Service<b style=\"color: #e32636;\">.<\/b><\/a><\/h1>\n<p><a href=\"\/fr\/microsoft-dynamics-365-customer-service\/\">Inventoriez les ressources actives, les produits disponibles et les contrats clients, et b\u00e9n\u00e9ficiez d&#8217;un acc\u00e8s rapide \u00e0 des outils <\/a><a href=\"\/fr\/microsoft-dynamics-365-customer-service\/\">efficaces<\/a><a href=\"\/fr\/microsoft-dynamics-365-customer-service\/\"> de communication.<\/a><\/p>\n<\/div>\n<\/div>\n<div class=\"img22 home-azure\">\n<div class=\"over-img22 home-power-over\"><a href=\"\/fr\/microsoft-dynamics-365-customer-service\/\"><img loading=\"lazy\" decoding=\"async\" class=\"alignnone size-medium wp-image-7329\" src=\"\/wp-content\/uploads\/2021\/01\/Customer-Service.svg\" alt=\"\" width=\"150\" height=\"150\" \/><\/a><\/div>\n<div class=\"over-img22-al\"><\/div>\n<\/div>\n<\/div>\n<p>[\/vc_column_text][vc_column_text animation=&#8221;zoom-in&#8221; class=&#8221;slickdivplm&#8221;]<\/p>\n<div class=\"ti-home\">\n<div class=\"text22\">\n<div class=\"continut-text22\">\n<h1 class=\"block-title text-dark text-left\"><a href=\"https:\/\/flow.microsoft.com\/ro-ro\/\">Dynamics 365<\/a><\/h1>\n<h1 class=\"block-title text-dark text-left\"><a href=\"https:\/\/flow.microsoft.com\/ro-ro\/\">Project Automation<b style=\"color: #e32636;\">.<\/b><\/a><\/h1>\n<p><a href=\"https:\/\/flow.microsoft.com\/ro-ro\/\">Les solutions d\u2019automatisation de projet fournies par Dynamics 365 vous aident \u00e0 finir \u00e0 temps vos projets tout en respectant les param\u00e8tres propos\u00e9s.<\/a><\/p>\n<\/div>\n<\/div>\n<div class=\"img22-al home-rpati\">\n<div class=\"over-img22 home-power-over\"><a href=\"https:\/\/flow.microsoft.com\/ro-ro\/\"><img loading=\"lazy\" decoding=\"async\" class=\"alignnone size-medium wp-image-7329\" style=\"opacity: 0.8;\" src=\"\/wp-content\/uploads\/2021\/01\/Process-Automation.svg\" alt=\"\" width=\"150\" height=\"150\" \/><\/a><\/div>\n<div class=\"over-img22-al2\"><\/div>\n<\/div>\n<\/div>\n<p>[\/vc_column_text][\/vc_column][vc_column width=&#8221;1\/2&#8243;][\/vc_column][\/vc_row][vc_row offset_top=&#8221;180&#8243; class=&#8221;sectiunea2&#8243;][vc_column width=&#8221;1\/6&#8243;][\/vc_column][vc_column width=&#8221;2\/3&#8243;]<h2 class=\"block-title text-dark text-center titlu-ti\">Entrer en contact!<small class=\"h2\">Laissez un message et l&#039;un de nos consultants vous contactera dans les prochaines 24 heures.<\/small><\/h2><hr class=\"hr-solid hr-custom\" style=\"border-top-color: #e32636; border-top-width: 2px; opacity: 1;\">[\/vc_column][vc_column width=&#8221;1\/6&#8243;][\/vc_column][\/vc_row][vc_row][vc_column width=&#8221;1\/6&#8243;][\/vc_column][vc_column width=&#8221;2\/3&#8243;][wpforms id=&#8221;7338&#8243; title=&#8221;false&#8221; description=&#8221;false&#8221;][\/vc_column][vc_column width=&#8221;1\/6&#8243;][\/vc_column][\/vc_row]<\/p>\n<\/div>","protected":false},"excerpt":{"rendered":"<p class=\"post-excerpt\">[vc_row offset_top=&#8221;180&#8243; is_overlay=&#8221;enable&#8221; overlay_opacity=&#8221;65&#8243; overlay_color=&#8221;#192435&#8243; css=&#8221;.vc_custom_1613417753053{background-image: url(https:\/\/linksoft.ro\/staging\/wp-content\/uploads\/2021\/02\/Asset-120.png?id=6576) !important;}&#8221; class=&#8221;hitb&#8221;][vc_column][vc_column_text class=&#8221;titlu-pagina&#8221;] Microsoft Dynamics 365 Transformez vos processus m\u00e9tier \u00e0 l&#8217;aide d&#8217;applications intelligentes qui fonctionnent ensemble de mani\u00e8re transparente dans le cloud.[\/vc_column_text][\/vc_column][\/vc_row][vc_row offset_top=&#8221;180&#8243; class=&#8221;partenerul&#8221;][vc_column width=&#8221;1\/6&#8243;][\/vc_column][vc_column width=&#8221;2\/3&#8243;][vc_column_text] Microsoft Dynamics 365 est une solution bas\u00e9e sur le cloud qui combine les capacit\u00e9s CRM et&#8230;\n<\/p>","protected":false},"author":13,"featured_media":0,"parent":0,"menu_order":0,"comment_status":"closed","ping_status":"closed","template":"","meta":{"footnotes":""},"class_list":["post-7484","page","type-page","status-publish","hentry"],"_links":{"self":[{"href":"https:\/\/linksoft.ro\/staging\/wp-json\/wp\/v2\/pages\/7484","targetHints":{"allow":["GET"]}}],"collection":[{"href":"https:\/\/linksoft.ro\/staging\/wp-json\/wp\/v2\/pages"}],"about":[{"href":"https:\/\/linksoft.ro\/staging\/wp-json\/wp\/v2\/types\/page"}],"author":[{"embeddable":true,"href":"https:\/\/linksoft.ro\/staging\/wp-json\/wp\/v2\/users\/13"}],"replies":[{"embeddable":true,"href":"https:\/\/linksoft.ro\/staging\/wp-json\/wp\/v2\/comments?post=7484"}],"version-history":[{"count":0,"href":"https:\/\/linksoft.ro\/staging\/wp-json\/wp\/v2\/pages\/7484\/revisions"}],"wp:attachment":[{"href":"https:\/\/linksoft.ro\/staging\/wp-json\/wp\/v2\/media?parent=7484"}],"curies":[{"name":"wp","href":"https:\/\/api.w.org\/{rel}","templated":true}]}}