{"id":7744,"date":"2019-06-03T12:00:37","date_gmt":"2019-06-03T12:00:37","guid":{"rendered":"https:\/\/linksoft.ro\/staging\/staging\/?page_id=7744"},"modified":"2021-05-04T17:33:48","modified_gmt":"2021-05-04T17:33:48","slug":"acerca-de","status":"publish","type":"page","link":"https:\/\/linksoft.ro\/staging\/acerca-de\/","title":{"rendered":"Acerca de"},"content":{"rendered":"<div class=\"wpb-content-wrapper\"><p>[vc_row offset_top=&#8221;180&#8243; is_overlay=&#8221;enable&#8221; overlay_opacity=&#8221;65&#8243; overlay_color=&#8221;#192435&#8243; css=&#8221;.vc_custom_1613417760633{background-image: url(https:\/\/linksoft.ro\/staging\/wp-content\/uploads\/2021\/02\/Asset-15.png?id=6561) !important;}&#8221; class=&#8221;hitb&#8221;][vc_column][vc_column_text class=&#8221;titlu-pagina&#8221;]<\/p>\n<h1>Acerca de<\/h1>\n<p>Profesionales certificados con pasi\u00f3n por la innovaci\u00f3n, el aprendizaje<br \/>\ndesarrollo profesional.[\/vc_column_text]<div class=\"text-left\"><a href=\"\/es\/contact\/\" title=\"Contact\" data-custom-color=\".btn-custom-c4bbf593 {background-color: #1e53a8;}\n.btn-custom-c4bbf593:hover {background-color: #163e7d;}\" class=\"btn btn-solid btn-rounded btn-custom btn-lg buton-titlu btn-custom-c4bbf593\">Contacta con nosotros<\/a><\/div>[\/vc_column][\/vc_row][vc_row offset_top=&#8221;180&#8243; class=&#8221;partenerul&#8221;][vc_column width=&#8221;1\/6&#8243;][\/vc_column][vc_column width=&#8221;2\/3&#8243;]<h2 class=\"block-title text-dark text-center\">Centro de excelencia<\/h2><hr class=\"hr-solid hr-custom\" style=\"border-top-color: #e32636; border-top-width: 2px; opacity: 1;\">[vc_column_text]<\/p>\n<p style=\"text-align: center;\">Desde el principio, nos hemos propuesto construir un Centro de Excelencia de Microsoft Dynamics que re\u00fana a los mejores especialistas y las plataformas m\u00e1s eficientes para implementar una soluci\u00f3n CRM de alto rendimiento y f\u00e1cil de usar. Imponemos los est\u00e1ndares de excelencia m\u00e1s exigentes para nuestro equipo, con el fin de asegurar que seamos capaces de cumplir con nuestra misi\u00f3n y respetar nuestros valores.<\/p>\n<p>[\/vc_column_text][\/vc_column][vc_column width=&#8221;1\/6&#8243;][\/vc_column][\/vc_row][vc_row offset_top=&#8221;180&#8243; class=&#8221;partenerul&#8221; css=&#8221;.vc_custom_1611336305912{padding-top: 75px !important;}&#8221;][vc_column width=&#8221;1\/6&#8243;][\/vc_column][vc_column width=&#8221;2\/3&#8243;]<h2 class=\"block-title text-dark text-center\">Nuestros valores<\/h2><hr class=\"hr-solid hr-custom\" style=\"border-top-color: #e32636; border-top-width: 2px; opacity: 1;\">[\/vc_column][vc_column width=&#8221;1\/6&#8243;][\/vc_column][\/vc_row][vc_row offset_top=&#8221;180&#8243; class=&#8221;icoane-echipa iechip2 sol-crm&#8221;][vc_column width=&#8221;1\/4&#8243;]<div class=\"icon-box icon-box-vertical icon-box-dark icon-box-type-image bg-no text-center\">\n\n\t<div class=\"icon-box-icon\"><img decoding=\"async\" src=\"https:\/\/linksoft.ro\/staging\/wp-content\/uploads\/2021\/01\/Integri.svg\" class=\"attachment-full size-full\" alt=\"\" \/><\/div><h3 class=\"icon-box-title\">Integridad<\/h3>\t\t<div class=\"icon-box-description\">\n\t\t\t<p>Somos abiertos y justos en todo lo que hacemos. Superamos los contratiempos mediante procesos transparentes para que nuestros clientes comprendan el valor de nuestra colaboraci\u00f3n.<\/p>\n\t\t<\/div>\n\t<\/div>[\/vc_column][vc_column width=&#8221;1\/4&#8243;]<div class=\"icon-box icon-box-vertical icon-box-dark icon-box-type-image bg-no text-center\">\n\n\t<div class=\"icon-box-icon\"><img decoding=\"async\" src=\"https:\/\/linksoft.ro\/staging\/wp-content\/uploads\/2021\/01\/Ambitiosi.svg\" class=\"attachment-full size-full\" alt=\"\" \/><\/div><h3 class=\"icon-box-title\">Ambici\u00f3n<\/h3>\t\t<div class=\"icon-box-description\">\n\t\t\t<p>Prestamos atenci\u00f3n al desarrollo continuo y creemos firmemente que ma\u00f1ana debemos ser mejores de lo que hemos sido hoy.<\/p>\n\t\t<\/div>\n\t<\/div>[\/vc_column][vc_column width=&#8221;1\/4&#8243;]<div class=\"icon-box icon-box-vertical icon-box-dark icon-box-type-image bg-no text-center\">\n\n\t<div class=\"icon-box-icon\"><img decoding=\"async\" src=\"https:\/\/linksoft.ro\/staging\/wp-content\/uploads\/2021\/01\/Orientati-catre...svg\" class=\"attachment-full size-full\" alt=\"\" \/><\/div><h3 class=\"icon-box-title\">Orientaci\u00f3n al cliente<\/h3>\t\t<div class=\"icon-box-description\">\n\t\t\t<p>Nuestro objetivo es a\u00f1adir valor a los procesos comerciales de nuestros clientes a trav\u00e9s de cada proyecto en el que trabajamos.<\/p>\n\t\t<\/div>\n\t<\/div>[\/vc_column][vc_column width=&#8221;1\/4&#8243;]<div class=\"icon-box icon-box-vertical icon-box-dark icon-box-type-image bg-no text-center\">\n\n\t<div class=\"icon-box-icon\"><img decoding=\"async\" src=\"https:\/\/linksoft.ro\/staging\/wp-content\/uploads\/2021\/01\/Proactivi.svg\" class=\"attachment-full size-full\" alt=\"\" \/><\/div><h3 class=\"icon-box-title\">Proactividad<\/h3>\t\t<div class=\"icon-box-description\">\n\t\t\t<p>Somos el tipo de socio que motiva a los clientes a pensar siempre en lo grande cuando se trata de digitalizaci\u00f3n.<\/p>\n\t\t<\/div>\n\t<\/div>[\/vc_column][\/vc_row][vc_row offset_top=&#8221;180&#8243; class=&#8221;sectiunea2&#8243;][vc_column width=&#8221;1\/6&#8243;][\/vc_column][vc_column width=&#8221;2\/3&#8243;]<h2 class=\"block-title text-dark text-center\">Calidad certificada<\/h2><hr class=\"hr-solid hr-custom\" style=\"border-top-color: #e32636; border-top-width: 2px; opacity: 1;\">[vc_column_text]<\/p>\n<p style=\"text-align: center;\">ISO 9001: 2015 es la norma internacional m\u00e1s reconocida para la gesti\u00f3n de la calidad. Esta certificaci\u00f3n reconoce las organizaciones que tienen un sistema de gesti\u00f3n de la calidad, lo que proporciona constantemente servicios que cumplen con los requerimientos del cliente. La obtenci\u00f3n de este est\u00e1ndar asegura que la base de nuestro sistema de gesti\u00f3n de calidad es el mejoramiento constante y la satisfacci\u00f3n del cliente.<\/p>\n<p>&nbsp;<\/p>\n<p>&nbsp;<\/p>\n<p><img loading=\"lazy\" decoding=\"async\" class=\"aligncenter wp-image-7745\" src=\"https:\/\/linksoft.ro\/staging\/wp-content\/uploads\/2021\/01\/ISO-Certifications-300x137.png\" alt=\"\" width=\"350\" height=\"160\" srcset=\"https:\/\/linksoft.ro\/staging\/wp-content\/uploads\/2021\/01\/ISO-Certifications-300x137.png 300w, https:\/\/linksoft.ro\/staging\/wp-content\/uploads\/2021\/01\/ISO-Certifications.png 500w\" sizes=\"auto, (max-width: 350px) 100vw, 350px\" \/>[\/vc_column_text][\/vc_column][vc_column width=&#8221;1\/6&#8243;][\/vc_column][\/vc_row][vc_row offset_top=&#8221;180&#8243; class=&#8221;sectiunea2021&#8243; css=&#8221;.vc_custom_1611160917402{padding-top: 25px !important;background-color: #f6f6f6 !important;}&#8221;][vc_column width=&#8221;1\/6&#8243;][\/vc_column][vc_column width=&#8221;2\/3&#8243;]<h2 class=\"block-title text-dark text-center\">Nuestros l\u00edderes<\/h2><hr class=\"hr-solid hr-custom hr-rosu\" style=\"border-top-color: #e32636; border-top-width: 2px; opacity: 1;\">[vc_column_text]<\/p>\n<p style=\"text-align: center;\">Nuestra empresa est\u00e1 dirigida por un d\u00fao din\u00e1mico, Alexandru Olaru y Florin Dumitru, que aportan una experiencia acumulada tanto en el campo t\u00e9cnico como en el entorno empresarial. Centrados en la excelencia y el rendimiento, son el motor principal de un equipo que siempre est\u00e1 listo para cumplir con los m\u00e1s altos est\u00e1ndares.<\/p>\n<p>[\/vc_column_text][\/vc_column][vc_column width=&#8221;1\/6&#8243;][\/vc_column][\/vc_row][vc_row offset_top=&#8221;180&#8243; class=&#8221;sectiunea2 bosii&#8221; css=&#8221;.vc_custom_1614190774427{background-color: #f6f6f6 !important;}&#8221;][vc_column width=&#8221;1\/6&#8243;][\/vc_column][vc_column width=&#8221;1\/3&#8243;][vc_column_text]<\/p>\n<h1 style=\"text-align: center;\"><strong><img loading=\"lazy\" decoding=\"async\" class=\"aligncenter wp-image-7746 size-medium\" src=\"https:\/\/linksoft.ro\/staging\/wp-content\/uploads\/2021\/03\/Placeholder-AO.png\" alt=\"\" width=\"278\" height=\"300\" \/>Alexandru Olaru<\/strong><\/h1>\n<p class=\"h1-small\" style=\"text-align: center;\">Chief Executive Officer<\/p>\n<p><a href=\"#\"><img loading=\"lazy\" decoding=\"async\" class=\"aligncenter size-full wp-image-7747\" src=\"https:\/\/linksoft.ro\/staging\/wp-content\/uploads\/2019\/06\/linked.png\" alt=\"\" width=\"40\" height=\"40\" \/><\/a>[\/vc_column_text][\/vc_column][vc_column width=&#8221;1\/3&#8243;][vc_column_text]<\/p>\n<h1 style=\"text-align: center;\"><strong><img loading=\"lazy\" decoding=\"async\" class=\"aligncenter wp-image-7746 size-medium\" src=\"https:\/\/linksoft.ro\/staging\/wp-content\/uploads\/2021\/03\/Florin-Dumitru.png\" alt=\"\" width=\"278\" height=\"300\" \/>Florin Dumitru<br \/>\n<\/strong><\/h1>\n<p class=\"h1-small\" style=\"text-align: center;\">Chief Operating Officer<\/p>\n<p><a href=\"#\"><img loading=\"lazy\" decoding=\"async\" class=\"aligncenter size-full wp-image-7747\" src=\"https:\/\/linksoft.ro\/staging\/wp-content\/uploads\/2019\/06\/linked.png\" alt=\"\" width=\"40\" height=\"40\" \/><\/a>[\/vc_column_text][\/vc_column][vc_column width=&#8221;1\/6&#8243;][\/vc_column][\/vc_row][vc_row offset_top=&#8221;180&#8243; class=&#8221;sectiunea2&#8243;][vc_column width=&#8221;1\/6&#8243;][\/vc_column][vc_column width=&#8221;2\/3&#8243;]<h2 class=\"block-title text-dark text-center\">\u00bfQu\u00e9 nos define?<\/h2><hr class=\"hr-solid hr-custom\" style=\"border-top-color: #e32636; border-top-width: 2px; opacity: 1;\">[\/vc_column][vc_column width=&#8221;1\/6&#8243;][\/vc_column][\/vc_row][vc_row offset_top=&#8221;180&#8243; class=&#8221;echipa-cifre1&#8243;][vc_column width=&#8221;1\/6&#8243; class=&#8221;ascunde&#8221;][\/vc_column][vc_column width=&#8221;1\/6&#8243;]<div class=\"animated-digit-box skin-default numarplus\">\n\t<div class=\"animated-digit\">\n\t\t<span class=\"digit\">20000<\/span>\n\t<\/div>\n\t<p class=\"description\">Usuarios activos para nuestras soluciones implementadas<\/p>\n<\/div>[\/vc_column][vc_column width=&#8221;1\/6&#8243;]<div class=\"animated-digit-box skin-default numarplus\">\n\t<div class=\"animated-digit\">\n\t\t<span class=\"digit\">2000<\/span>\n\t<\/div>\n\t<p class=\"description\">Horas de formaci\u00f3n entregadas<\/p>\n<\/div>[\/vc_column][vc_column width=&#8221;1\/6&#8243;]<div class=\"animated-digit-box skin-default\">\n\t<div class=\"animated-digit\">\n\t\t<span class=\"digit\">65<\/span>\n\t<\/div>\n\t<p class=\"description\">Certificaciones Microsoft<\/p>\n<\/div>[\/vc_column][vc_column width=&#8221;1\/6&#8243;]<div class=\"animated-digit-box skin-default\">\n\t<div class=\"animated-digit\">\n\t\t<span class=\"digit\">10<\/span>\n\t<\/div>\n\t<p class=\"description\">A\u00f1os de experiencia en la implementaci\u00f3n de software de sistemas<\/p>\n<\/div>[\/vc_column][vc_column width=&#8221;1\/6&#8243; class=&#8221;ascunde&#8221;][\/vc_column][\/vc_row][vc_row offset_top=&#8221;180&#8243; class=&#8221;echipa-cifre1&#8243;][vc_column width=&#8221;1\/6&#8243; class=&#8221;ascunde&#8221;][\/vc_column][vc_column width=&#8221;1\/6&#8243;]<div class=\"animated-digit-box skin-default numarprocent\">\n\t<div class=\"animated-digit\">\n\t\t<span class=\"digit\">100<\/span>\n\t<\/div>\n\t<p class=\"description\">Dedicaci\u00f3n al \u00e9xito de nuestros socios<\/p>\n<\/div>[\/vc_column][vc_column width=&#8221;1\/6&#8243;]<div class=\"animated-digit-box skin-default\">\n\t<div class=\"animated-digit\">\n\t\t<span class=\"digit\">3<\/span>\n\t<\/div>\n\t<p class=\"description\">Tasa media en horas para resolver incidentes<\/p>\n<\/div>[\/vc_column][vc_column width=&#8221;1\/6&#8243;]<div class=\"animated-digit-box skin-default din7\">\n\t<div class=\"animated-digit\">\n\t\t<span class=\"digit\">24<\/span>\n\t<\/div>\n\t<p class=\"description\">Disponibilidad para resolver incidentes cr\u00edticos<\/p>\n<\/div>[\/vc_column][vc_column width=&#8221;1\/6&#8243;]<div class=\"animated-digit-box skin-default\">\n\t<div class=\"animated-digit\">\n\t\t<span class=\"digit\">1<\/span>\n\t<\/div>\n\t<p class=\"description\">Objetivo principal:&lt;br \/&gt;\nLa satisfacci\u00f3n del cliente&lt;br \/&gt;<\/p>\n<\/div>[\/vc_column][vc_column width=&#8221;1\/6&#8243; class=&#8221;ascunde&#8221;][\/vc_column][\/vc_row][vc_row offset_top=&#8221;180&#8243; class=&#8221;sectiunea2&#8243;][vc_column width=&#8221;1\/6&#8243;][\/vc_column][vc_column width=&#8221;2\/3&#8243;]<h2 class=\"block-title text-dark text-center\">Carreras<\/h2><hr class=\"hr-solid hr-custom\" style=\"border-top-color: #e32636; border-top-width: 2px; opacity: 1;\">[\/vc_column][vc_column width=&#8221;1\/6&#8243;][\/vc_column][\/vc_row][vc_row offset_top=&#8221;180&#8243; css=&#8221;.vc_custom_1611163597329{padding-top: 50px !important;}&#8221; id=&#8221;cariere&#8221;][vc_column width=&#8221;1\/6&#8243;][\/vc_column][vc_column width=&#8221;2\/3&#8243;][vc_column_text]<\/p>\n<p style=\"text-align: center;\">Nuestra empresa est\u00e1 formada por personas que quieren aprender continuamente, apasionados por la innovaci\u00f3n y el conocimiento. Nuestro equipo proporcionar\u00e1 un conjunto de certificaciones, experiencias y esp\u00edritu de equipo que hacen la diferencia en la implementaci\u00f3n de soluciones software de alto rendimiento. Si quiere desarrollarse constantemente dentro de un equipo que te apoyar\u00e1 y que compartir\u00e1 contigo sus conocimientos, puedes buscar y presentar tu candidatura a nuestros puestos vacantes directamente a trav\u00e9s de nuestra Plataforma de Carreras.<\/p>\n<p>[\/vc_column_text][\/vc_column][vc_column width=&#8221;1\/6&#8243; offset=&#8221;vc_col-lg-offset-0 vc_col-md-offset-0&#8243;][\/vc_column][\/vc_row][vc_row offset_top=&#8221;180&#8243; class=&#8221;sectiunea2 butonel&#8221;][vc_column width=&#8221;1\/6&#8243;][\/vc_column][vc_column width=&#8221;2\/3&#8243;]<div class=\"text-center\"><a href=\"\/en\/careers\/\" title=\"careers\" class=\"btn btn-transparent btn-rounded btn-primary btn-nl buton-primapagina\">Open positions<\/a><\/div>[\/vc_column][vc_column width=&#8221;1\/6&#8243;][\/vc_column][\/vc_row]<\/p>\n<\/div>","protected":false},"excerpt":{"rendered":"<p class=\"post-excerpt\">[vc_row offset_top=&#8221;180&#8243; is_overlay=&#8221;enable&#8221; overlay_opacity=&#8221;65&#8243; overlay_color=&#8221;#192435&#8243; css=&#8221;.vc_custom_1613417760633{background-image: url(https:\/\/linksoft.ro\/staging\/wp-content\/uploads\/2021\/02\/Asset-15.png?id=6561) !important;}&#8221; class=&#8221;hitb&#8221;][vc_column][vc_column_text class=&#8221;titlu-pagina&#8221;] Acerca de Profesionales certificados con pasi\u00f3n por la innovaci\u00f3n, el aprendizaje desarrollo profesional.[\/vc_column_text][\/vc_column][\/vc_row][vc_row offset_top=&#8221;180&#8243; class=&#8221;partenerul&#8221;][vc_column width=&#8221;1\/6&#8243;][\/vc_column][vc_column width=&#8221;2\/3&#8243;][vc_column_text] Desde el principio, nos hemos propuesto construir un Centro de Excelencia de Microsoft Dynamics que re\u00fana a los mejores especialistas y las plataformas&#8230;\n<\/p>","protected":false},"author":13,"featured_media":0,"parent":0,"menu_order":0,"comment_status":"closed","ping_status":"closed","template":"","meta":{"footnotes":""},"class_list":["post-7744","page","type-page","status-publish","hentry"],"_links":{"self":[{"href":"https:\/\/linksoft.ro\/staging\/wp-json\/wp\/v2\/pages\/7744","targetHints":{"allow":["GET"]}}],"collection":[{"href":"https:\/\/linksoft.ro\/staging\/wp-json\/wp\/v2\/pages"}],"about":[{"href":"https:\/\/linksoft.ro\/staging\/wp-json\/wp\/v2\/types\/page"}],"author":[{"embeddable":true,"href":"https:\/\/linksoft.ro\/staging\/wp-json\/wp\/v2\/users\/13"}],"replies":[{"embeddable":true,"href":"https:\/\/linksoft.ro\/staging\/wp-json\/wp\/v2\/comments?post=7744"}],"version-history":[{"count":0,"href":"https:\/\/linksoft.ro\/staging\/wp-json\/wp\/v2\/pages\/7744\/revisions"}],"wp:attachment":[{"href":"https:\/\/linksoft.ro\/staging\/wp-json\/wp\/v2\/media?parent=7744"}],"curies":[{"name":"wp","href":"https:\/\/api.w.org\/{rel}","templated":true}]}}