{"id":8221,"date":"2021-08-24T21:31:34","date_gmt":"2021-08-24T21:31:34","guid":{"rendered":"https:\/\/linksoft.ro\/staging\/staging\/?page_id=8221"},"modified":"2021-10-18T14:21:10","modified_gmt":"2021-10-18T14:21:10","slug":"power-apps-2","status":"publish","type":"page","link":"https:\/\/linksoft.ro\/staging\/power-apps-2\/","title":{"rendered":"Microsoft Power Apps"},"content":{"rendered":"<div class=\"wpb-content-wrapper\"><p>[vc_row offset_top=&#8221;180&#8243; is_overlay=&#8221;enable&#8221; overlay_opacity=&#8221;65&#8243; overlay_color=&#8221;#192435&#8243; class=&#8221;hitb&#8221; css=&#8221;.vc_custom_1629789342096{background-image: url(https:\/\/linksoft.ro\/staging\/wp-content\/uploads\/2021\/08\/Power-Apps-Header-2.png?id=8140) !important;}&#8221;][vc_column][vc_column_text class=&#8221;titlu-pagina&#8221;]<\/p>\n<h1>Power Apps<\/h1>\n<p>Permite echipei tale s\u0103 construiasc\u0103<br \/>\n\u0219i s\u0103 utilizeze propriile aplica\u021bii software.[\/vc_column_text]<div class=\"text-left\"><a href=\"\/contact\/\" title=\"Contact\" data-custom-color=\".btn-custom-a37ac627 {background-color: #1e53a8;}\n.btn-custom-a37ac627:hover {background-color: #163e7d;}\" class=\"btn btn-solid btn-rounded btn-custom btn-lg buton-titlu btn-custom-a37ac627\">Contacteaza-ne<\/a><\/div>[\/vc_column][\/vc_row][vc_row offset_top=&#8221;180&#8243; class=&#8221;partenerul&#8221;][vc_column width=&#8221;1\/6&#8243;][\/vc_column][vc_column width=&#8221;2\/3&#8243;]<h2 class=\"block-title text-dark text-center\">Crea\u021bi aplica\u021biile de care ave\u021bi nevoie<\/h2><hr class=\"hr-solid hr-custom\" style=\"border-top-color: #e32636; border-top-width: 2px; opacity: 1;\">[vc_column_text]<\/p>\n<p style=\"text-align: center;\">Power Apps permite tuturor,de la consultan\u021bi de afaceri la dezvoltatori profesioni\u0219ti, s\u0103 i\u0219i ofere expertiza \u0219i cuno\u0219tin\u021bele \u00een scopul dezvolt\u0103rii celor mai eficiente instrumente software pentru locul de munc\u0103. Dezvolta\u021bi aplica\u021bii mai rapid, cu o platform\u0103 care permite integrarea \u0219i distribuirea datelor, rezolva\u021bi provoc\u0103rile de afaceri cu instrumente vizuale intuitive care nu necesit\u0103 codare \u0219i extinde\u021bi platforma cu blocuri care permit dezvoltatorilor profesioni\u0219ti s\u0103 adauge func\u021bionalit\u0103\u021bi specifice afacerii.<\/p>\n<p>[\/vc_column_text][\/vc_column][vc_column width=&#8221;1\/6&#8243;][\/vc_column][\/vc_row][vc_row offset_top=&#8221;180&#8243; class=&#8221;sectiunea2&#8243;][vc_column width=&#8221;1\/6&#8243;][\/vc_column][vc_column width=&#8221;2\/3&#8243;]<h2 class=\"block-title text-dark text-center\">De ce s\u0103 alegi Power Apps?<\/h2><hr class=\"hr-solid hr-custom\" style=\"border-top-color: #e32636; border-top-width: 2px; opacity: 1;\">[\/vc_column][vc_column width=&#8221;1\/6&#8243;][\/vc_column][\/vc_row][vc_row offset_top=&#8221;180&#8243; class=&#8221;tech-imgtext&#8221; css=&#8221;.vc_custom_1611937183531{padding-top: 25px !important;}&#8221;][vc_column width=&#8221;1\/2&#8243;][vc_column_text animation=&#8221;fade-right&#8221;]<\/p>\n<h3>U\u0219or de folosit<\/h3>\n<ul>\n<li><strong>Template-uri predefinite<\/strong> \u2013 Po\u021bi \u00eencepe dezvolarea aplica\u021biilor cu un efort minimal folisind template-uri pre-construite pentru aplica\u021bii sau pagini. Implementa\u021bi rapid o solu\u021bie \u0219i lansa\u021bi update-uri la nevoie.<\/li>\n<li><strong>Dezvoltare u\u0219oar\u0103<\/strong> \u2013 Faci accesibil\u0103 dezvoltarea aplica\u021biilor pentru to\u021bi membri organiza\u021biei astfel \u00eenc\u00e2t fiecare departament s\u0103 \u00ee\u0219i poat\u0103 construi aplica\u021biile de care are nevoie pentru a-\u0219i eficientzia activitatea.<\/li>\n<li><strong>Extinde func\u021bionalitatea<\/strong> \u2013 Ofer\u0103 dezvoltatorilor instrumentele necesare pentru extinderea capabilit\u0103\u021bilor aplica\u021biei utiliz\u00e2nd conectori personaliza\u021bi \u0219i func\u021bii Azure.<\/li>\n<\/ul>\n<p>[\/vc_column_text][\/vc_column][vc_column width=&#8221;1\/2&#8243;][vc_single_image animation=&#8221;fade-left&#8221; image=&#8221;8123&#8243;][\/vc_column][\/vc_row][vc_row offset_top=&#8221;180&#8243; class=&#8221;tech-imgtext&#8221; css=&#8221;.vc_custom_1611937187753{padding-top: 75px !important;padding-bottom: 75px !important;}&#8221;][vc_column width=&#8221;1\/2&#8243;][vc_single_image animation=&#8221;fade-right&#8221; image=&#8221;8124&#8243;][\/vc_column][vc_column width=&#8221;1\/2&#8243; class=&#8221;primul&#8221;][vc_column_text animation=&#8221;fade-left&#8221;]<\/p>\n<h3>Aplica\u021bii specifice nevoilor tale<\/h3>\n<ul>\n<li><strong>Canvas Apps<\/strong> \u2013 Dezvolt\u0103 aplica\u021bii pentru orice dispozitiv utiliz\u00e2nd o gam\u0103 larg\u0103 de controale, butoane \u0219i slidere sau integr\u0103ri de camer\u0103 \u0219i loca\u021bie.<\/li>\n<li><strong>Model-Driven Apps<\/strong> \u2013 Modeleaz\u0103 datele \u0219i creaz\u0103 aplica\u021bii de analiz\u0103 care pot rula pe orice dispozitiv. Utilizeaz\u0103 proiectarea simpl\u0103 drag-and-drop pentru a personaliza entit\u0103\u021bile comerciale \u0219i a adapta experien\u021ba utilizatorilor.<\/li>\n<li><strong>Portals<\/strong> \u2013 Permite utilizatorilor din afara organiza\u021biei s\u0103 interac\u021bioneze direct cu sistemele create de tine utiliz\u00e2nd un portal web conceput pentru a fi integrat \u0219i accesat printr-o varietate de standarde cum ar fi Azure AD, LinkedIn sau cont Microsoft.<\/li>\n<li><\/li>\n<\/ul>\n<p>[\/vc_column_text][\/vc_column][\/vc_row][vc_row offset_top=&#8221;180&#8243; class=&#8221;sectiunea2&#8243;][vc_column width=&#8221;1\/6&#8243;][\/vc_column][vc_column width=&#8221;2\/3&#8243;]<h2 class=\"block-title text-dark text-center\">Beneficiile membrilor companiei<\/h2><hr class=\"hr-solid hr-custom\" style=\"border-top-color: #e32636; border-top-width: 2px; opacity: 1;\">[\/vc_column][vc_column width=&#8221;1\/6&#8243;][\/vc_column][\/vc_row][vc_row offset_top=&#8221;180&#8243; class=&#8221;icoane-echipa sol-crm&#8221;][vc_column width=&#8221;1\/3&#8243;]<div class=\"icon-box icon-box-vertical icon-box-dark icon-box-type-image bg-no text-left\">\n\n\t<div class=\"icon-box-icon\"><img decoding=\"async\" src=\"https:\/\/linksoft.ro\/staging\/wp-content\/uploads\/2021\/01\/General-Manager.svg\" class=\"attachment-full size-full\" alt=\"\" \/><\/div><h3 class=\"icon-box-title\">General Manager<\/h3>\t\t<div class=\"icon-box-description\">\n\t\t\t<p>Reduci costurile asociate devolt\u0103rii, implement\u0103rii \u0219i \u00eentre\u021binerii \u0219i mizezi pe resursele interne. pentru a proiecta \u0219i construi \u00een mod incremental aplica\u021biile de care au nevoie pentru a cre\u0219te productivitatea.<\/p>\n\t\t<\/div>\n\t<\/div>[\/vc_column][vc_column width=&#8221;1\/3&#8243;]<div class=\"icon-box icon-box-vertical icon-box-dark icon-box-type-image bg-no text-left\">\n\n\t<div class=\"icon-box-icon\"><img decoding=\"async\" src=\"https:\/\/linksoft.ro\/staging\/wp-content\/uploads\/2021\/01\/Sales-Manager.svg\" class=\"attachment-full size-full\" alt=\"\" \/><\/div><h3 class=\"icon-box-title\">Manager de departament<\/h3>\t\t<div class=\"icon-box-description\">\n\t\t\t<p>Experimenteaz\u0103 libertatea de a de\u021bine control deplin asupra aplica\u021biilor pe care echipa ta le folose\u0219te, ad\u0103ug\u00e2nd \u0219i elimin\u00e2nd func\u021bionalitatea \u00een func\u021bie de necesitate, f\u0103r\u0103 a fi nevoie de un proces de dezvoltare \u00eendelungat. Apela\u021bi la dezvoltatori la nevoie, pentru a integra sisteme software vechi cu noile aplica\u021bii.<\/p>\n\t\t<\/div>\n\t<\/div>[\/vc_column][vc_column width=&#8221;1\/3&#8243;]<div class=\"icon-box icon-box-vertical icon-box-dark icon-box-type-image bg-no text-left\">\n\n\t<div class=\"icon-box-icon\"><img decoding=\"async\" src=\"https:\/\/linksoft.ro\/staging\/wp-content\/uploads\/2021\/01\/Sales-Representative.svg\" class=\"attachment-full size-full\" alt=\"\" \/><\/div><h3 class=\"icon-box-title\">Membru al echipei<\/h3>\t\t<div class=\"icon-box-description\">\n\t\t\t<p>Coleaboreaz\u0103 cu colegii \u0219i crea\u021bi aplica\u021bii flexibile pentru a v\u0103 optimiza proceselel zilnice. Implementa\u021bi func\u021bionalit\u0103\u021bi noi atunci c\u00e2nd descoperi\u021bi c\u0103 este nevoie, testa\u021bi \u00een timpul dezvolt\u0103rii \u0219i \u00eencepe\u021bi s\u0103 utiliza\u021bi imediat ce toat\u0103 lumea este mul\u021bumit\u0103 de rezultate.<\/p>\n\t\t<\/div>\n\t<\/div>[\/vc_column][\/vc_row][vc_row offset_top=&#8221;180&#8243; class=&#8221;sectiunea2&#8243;][vc_column width=&#8221;1\/6&#8243;][\/vc_column][vc_column width=&#8221;2\/3&#8243;]<h2 class=\"block-title text-dark text-center titlu-ti\">Contacteaz\u0103-ne acum<small class=\"h2\">las\u0103-ne un mesaj \u0219i unul din consultan\u021bii no\u0219tri te va contacta \u00een mai pu\u021bin de 24 de ore<\/small><\/h2><hr class=\"hr-solid hr-custom\" style=\"border-top-color: #e32636; border-top-width: 2px; opacity: 1;\">[\/vc_column][vc_column width=&#8221;1\/6&#8243;][\/vc_column][\/vc_row][vc_row][vc_column width=&#8221;1\/6&#8243;][\/vc_column][vc_column width=&#8221;2\/3&#8243;][wpforms id=&#8221;7196&#8243; title=&#8221;false&#8221; description=&#8221;false&#8221;][\/vc_column][vc_column width=&#8221;1\/6&#8243;][\/vc_column][\/vc_row]<\/p>\n<\/div>","protected":false},"excerpt":{"rendered":"<p class=\"post-excerpt\">[vc_row offset_top=&#8221;180&#8243; is_overlay=&#8221;enable&#8221; overlay_opacity=&#8221;65&#8243; overlay_color=&#8221;#192435&#8243; class=&#8221;hitb&#8221; css=&#8221;.vc_custom_1629789342096{background-image: url(https:\/\/linksoft.ro\/staging\/wp-content\/uploads\/2021\/08\/Power-Apps-Header-2.png?id=8140) !important;}&#8221;][vc_column][vc_column_text class=&#8221;titlu-pagina&#8221;] Power Apps Permite echipei tale s\u0103 construiasc\u0103 \u0219i s\u0103 utilizeze propriile aplica\u021bii software.[\/vc_column_text][\/vc_column][\/vc_row][vc_row offset_top=&#8221;180&#8243; class=&#8221;partenerul&#8221;][vc_column width=&#8221;1\/6&#8243;][\/vc_column][vc_column width=&#8221;2\/3&#8243;][vc_column_text] Power Apps permite tuturor,de la consultan\u021bi de afaceri la dezvoltatori profesioni\u0219ti, s\u0103 i\u0219i ofere expertiza \u0219i cuno\u0219tin\u021bele \u00een scopul dezvolt\u0103rii celor mai eficiente&#8230;\n<\/p>","protected":false},"author":13,"featured_media":0,"parent":0,"menu_order":0,"comment_status":"closed","ping_status":"closed","template":"","meta":{"footnotes":""},"class_list":["post-8221","page","type-page","status-publish","hentry"],"_links":{"self":[{"href":"https:\/\/linksoft.ro\/staging\/wp-json\/wp\/v2\/pages\/8221","targetHints":{"allow":["GET"]}}],"collection":[{"href":"https:\/\/linksoft.ro\/staging\/wp-json\/wp\/v2\/pages"}],"about":[{"href":"https:\/\/linksoft.ro\/staging\/wp-json\/wp\/v2\/types\/page"}],"author":[{"embeddable":true,"href":"https:\/\/linksoft.ro\/staging\/wp-json\/wp\/v2\/users\/13"}],"replies":[{"embeddable":true,"href":"https:\/\/linksoft.ro\/staging\/wp-json\/wp\/v2\/comments?post=8221"}],"version-history":[{"count":0,"href":"https:\/\/linksoft.ro\/staging\/wp-json\/wp\/v2\/pages\/8221\/revisions"}],"wp:attachment":[{"href":"https:\/\/linksoft.ro\/staging\/wp-json\/wp\/v2\/media?parent=8221"}],"curies":[{"name":"wp","href":"https:\/\/api.w.org\/{rel}","templated":true}]}}