{"id":9168,"date":"2023-09-18T17:23:16","date_gmt":"2023-09-18T17:23:16","guid":{"rendered":"https:\/\/linksoft.ro\/staging\/staging\/?page_id=9168"},"modified":"2023-09-20T07:20:23","modified_gmt":"2023-09-20T07:20:23","slug":"managementul-aprovizionarii","status":"publish","type":"page","link":"https:\/\/linksoft.ro\/staging\/dynamics-365-finance-and-operations-erp\/managementul-aprovizionarii\/","title":{"rendered":"Managementul aprovizion\u0103rii"},"content":{"rendered":"<div class=\"wpb-content-wrapper\"><p>[vc_row offset_top=&#8221;180&#8243; is_overlay=&#8221;enable&#8221; overlay_opacity=&#8221;65&#8243; overlay_color=&#8221;#192435&#8243; css=&#8221;.vc_custom_1695194423359{background-image: url(https:\/\/linksoft.ro\/staging\/wp-content\/uploads\/2023\/09\/Financial-operations.jpg?id=9392) !important;}&#8221; class=&#8221;hitb&#8221;][vc_column][vc_column_text class=&#8221;titlu-pagina&#8221;]<\/p>\n<h1><strong>Managementul aprovizion\u0103rii<\/strong><\/h1>\n<p>Companiile au nevoie de solu\u021bii durabile pentru a opera c\u00e2t mai eficient, astfel<br \/>\n\u00ee\u0219i pot \u00eembun\u0103t\u0103\u021bivizibilitatea \u0219i lan\u021burile de aprovizionare la un nivel ridicat.[\/vc_column_text]<div class=\"text-left\"><a href=\"\/contact\/\" title=\"Contact\" data-custom-color=\".btn-custom-0a3b2065 {background-color: #1e53a8;}\n.btn-custom-0a3b2065:hover {background-color: #163e7d;}\" class=\"btn btn-solid btn-rounded btn-custom btn-lg buton-titlu btn-custom-0a3b2065\">Contacteaz\u0103-ne<\/a><\/div>[\/vc_column][\/vc_row][vc_row offset_top=&#8221;180&#8243; class=&#8221;partenerul&#8221;][vc_column width=&#8221;1\/6&#8243;][\/vc_column][vc_column width=&#8221;2\/3&#8243;]<h2 class=\"block-title text-dark text-center\">\u021aine eviden\u021ba stocului \u0219i creeaz\u0103 strategii pentru \u00eembun\u0103t\u0103\u021birea lan\u021bului de aprovizionare<\/h2><hr class=\"hr-solid hr-custom\" style=\"border-top-color: #e32636; border-top-width: 2px; opacity: 1;\">[vc_column_text]<\/p>\n<p style=\"text-align: center;\">Acum po\u021bi ob\u021bine informa\u021bii mult mai rapid despre lan\u021bul de aprovizionare care s\u0103 garanteze livrarea la timp \u0219i diminuarea lipsei de stoc , c\u00e2t \u0219i despre celelalte ac\u021biuni relevante precum expediere, cereri \u0219i monitorizarea nivelurilor de stoc, care au loc la nivel de furnizori \u0219i clien\u021bi. Modulul reprezint\u0103 un instrument eficient, deoarece reu\u0219e\u0219te s\u0103 identifice obstacolele, s\u0103 reduc\u0103 riscurile \u0219i s\u0103 perfec\u021bioneze opera\u021biunile din cadrul lan\u021bului de aprovizionare.<\/p>\n<p>[\/vc_column_text][\/vc_column][vc_column width=&#8221;1\/6&#8243;][\/vc_column][\/vc_row][vc_row offset_top=&#8221;180&#8243; class=&#8221;tech-imgtext2&#8243; css=&#8221;.vc_custom_1695056182328{padding-top: 25px !important;}&#8221;][vc_column width=&#8221;1\/2&#8243; class=&#8221;benef&#8221;][vc_column_text animation=&#8221;fade-right&#8221;]Clien\u021bii sunt o prioritate pentru orice companie, de aceea este nevoie ca cererile lor s\u0103 fie prev\u0103zute \u00een mod adecvat. S\u0103-\u021bi \u00eembun\u0103t\u0103\u021be\u0219ti strategiile de produc\u021bie, achizi\u021bie \u0219i stocare ai nevoie s\u0103 \u021bii cont de toate elementele care se pot \u00eencadra \u00een profilul unui client precum tendin\u021be de pia\u021b\u0103, date istorice sau chiar analize precise. \u00cen cazul \u00een care v\u0103 dori\u021bi s\u0103 maximiza\u021bi eficien\u021ba proceselor de operare, atunci pute\u021bi s\u0103 lua\u021bi \u00een calcul tot ceea ce \u00eenseamn\u0103 reducerea surplusului de stoc \u0219i gestionarea stocului unde exist\u0103 lipsuri.<\/p>\n<p>Depozitul t\u0103u poate fi un instrument ajut\u0103tor atunci c\u00e2nd \u00ee\u021bi dore\u0219ti s\u0103 simplifici opera\u021biunile de depozitare. Pentru \u00eenceput, automatizeaz\u0103 procesele de selectare \u0219i depozitare, c\u00e2t \u0219i pe cele ale preciziei inventarului. Ele minimizeaz\u0103 erorile care pot avea loc \u00een timpul proceselor \u0219i, \u00een acela\u0219i timp, stimuleaz\u0103 fluxul de lucru.<\/p>\n<p>Comunicarea constant\u0103 cu furnizorii concretizeaz\u0103 anumite sarcini care pot fi finalizate mai simplu dac\u0103 sunt create canale deschide de comunicare. Aceste canale contribuie la integrarea furnizorilor \u00eentru totul atunci c\u00e2nd se negociaz\u0103 contracte profitabile sau este gestionat\u0103 performan\u021ba livr\u0103rilor.[\/vc_column_text][\/vc_column][vc_column width=&#8221;1\/2&#8243;][vc_single_image animation=&#8221;fade-left&#8221; image=&#8221;9169&#8243;][\/vc_column][\/vc_row][vc_row offset_top=&#8221;18&#8243; class=&#8221;benef&#8221; css=&#8221;.vc_custom_1695056109241{padding-top: 25px !important;}&#8221;][vc_column][vc_column_text animation=&#8221;fade-right&#8221;]<\/p>\n<h3><strong>Beneficii: <\/strong><\/h3>\n<p>Consolideaz\u0103 rela\u021bia cu partnerii, clien\u021bii \u0219i furnizorii<\/p>\n<p>Ia decizii corecte bazate pe datele ob\u021binute prin intermediul insightului AI, machine learning sau analiza de date avansat\u0103.<\/p>\n<p>Economise\u0219te din costurile lan\u021bului de aprovizionare prin utilizarea de resurse \u0219i diminuarea timpului de lucru.[\/vc_column_text][\/vc_column][\/vc_row][vc_row offset_top=&#8221;180&#8243; class=&#8221;sectiunea2&#8243;][vc_column width=&#8221;1\/6&#8243;][\/vc_column][vc_column width=&#8221;2\/3&#8243;]<h2 class=\"block-title text-dark text-center\">Func\u021bioneaz\u0103 excelent cu<\/h2><hr class=\"hr-solid hr-custom\" style=\"border-top-color: #e32636; border-top-width: 2px; opacity: 1;\">[\/vc_column][vc_column width=&#8221;1\/6&#8243;][\/vc_column][\/vc_row][vc_row offset_top=&#8221;180&#8243; class=&#8221;icoane-echipa&#8221;][vc_column width=&#8221;1\/3&#8243;]<div class=\"icon-box icon-box-vertical icon-box-dark icon-box-type-image bg-no text-center\">\n\n\t<div class=\"icon-box-icon\"><img loading=\"lazy\" decoding=\"async\" width=\"512\" height=\"512\" src=\"https:\/\/linksoft.ro\/staging\/wp-content\/uploads\/2023\/09\/financial-management.png\" class=\"attachment-full size-full\" alt=\"\" srcset=\"https:\/\/linksoft.ro\/staging\/wp-content\/uploads\/2023\/09\/financial-management.png 512w, https:\/\/linksoft.ro\/staging\/wp-content\/uploads\/2023\/09\/financial-management-150x150.png 150w, https:\/\/linksoft.ro\/staging\/wp-content\/uploads\/2023\/09\/financial-management-300x300.png 300w, https:\/\/linksoft.ro\/staging\/wp-content\/uploads\/2023\/09\/financial-management-170x170.png 170w, https:\/\/linksoft.ro\/staging\/wp-content\/uploads\/2023\/09\/financial-management-400x400.png 400w\" sizes=\"auto, (max-width: 512px) 100vw, 512px\" \/><\/div><h3 class=\"icon-box-title\">Management financiar<\/h3>\t\t<div class=\"icon-box-description\">\n\t\t\t<p>Rentabilitatea \u0219i succesul pe termen lung al unei organiza\u021bii se bazeaz\u0103 pe gestionarea financiar\u0103 corect\u0103, un rol vital \u00een asigurarea stabilit\u0103\u021bii financiare.<\/p>\n<a href=\"https:\/\/linksoft.ro\/dynamics-365-finance-and-operations\/management-financiar\/\" title=\"Management financiar\" class=\"btn btn-ghost btn-rounded btn-default\">Afl\u0103 mai multe<\/a>\t\t<\/div>\n\t<\/div>[\/vc_column][vc_column width=&#8221;1\/3&#8243;][\/vc_column][vc_column width=&#8221;1\/3&#8243;]<div class=\"icon-box icon-box-vertical icon-box-dark icon-box-type-image bg-no text-center\">\n\n\t<div class=\"icon-box-icon\"><img loading=\"lazy\" decoding=\"async\" width=\"512\" height=\"512\" src=\"https:\/\/linksoft.ro\/staging\/wp-content\/uploads\/2023\/09\/Project-Management.png\" class=\"attachment-full size-full\" alt=\"\" srcset=\"https:\/\/linksoft.ro\/staging\/wp-content\/uploads\/2023\/09\/Project-Management.png 512w, https:\/\/linksoft.ro\/staging\/wp-content\/uploads\/2023\/09\/Project-Management-150x150.png 150w, https:\/\/linksoft.ro\/staging\/wp-content\/uploads\/2023\/09\/Project-Management-300x300.png 300w, https:\/\/linksoft.ro\/staging\/wp-content\/uploads\/2023\/09\/Project-Management-170x170.png 170w, https:\/\/linksoft.ro\/staging\/wp-content\/uploads\/2023\/09\/Project-Management-400x400.png 400w\" sizes=\"auto, (max-width: 512px) 100vw, 512px\" \/><\/div><h3 class=\"icon-box-title\">Management de proiect<\/h3>\t\t<div class=\"icon-box-description\">\n\t\t\t<p>Proiectele companiilor difer\u0103 \u00een mare parte \u00een func\u021bie de obiective, ciclul de via\u021b\u0103 sau audien\u021ba asupra c\u0103rora se vor consolida structurile proiectelor.<\/p>\n<a href=\"https:\/\/linksoft.ro\/dynamics-365-finance-and-operations\/management-de-proiect\/\" title=\"Management de proiect\" class=\"btn btn-ghost btn-rounded btn-default\">Afl\u0103 mai multe<\/a>\t\t<\/div>\n\t<\/div>[\/vc_column][\/vc_row][vc_row offset_top=&#8221;180&#8243; class=&#8221;sectiunea2&#8243;][vc_column width=&#8221;1\/6&#8243;][\/vc_column][vc_column width=&#8221;2\/3&#8243;]<h2 class=\"block-title text-dark text-center titlu-ti\">Contacteaz\u0103-ne acum<small class=\"h2\">las\u0103-ne un mesaj \u0219i unul din consultan\u021bii no\u0219tri te va contacta \u00een mai pu\u021bin de 24 de ore<\/small><\/h2><hr class=\"hr-solid hr-custom\" style=\"border-top-color: #e32636; border-top-width: 2px; opacity: 1;\">[\/vc_column][vc_column width=&#8221;1\/6&#8243;][\/vc_column][\/vc_row][vc_row offset_top=&#8221;180&#8243; css=&#8221;.vc_custom_1614886909463{padding-bottom: 25px !important;}&#8221;][vc_column width=&#8221;1\/6&#8243;][\/vc_column][vc_column width=&#8221;2\/3&#8243;][wpforms id=&#8221;7196&#8243; title=&#8221;false&#8221; description=&#8221;false&#8221;][\/vc_column][vc_column width=&#8221;1\/6&#8243;][\/vc_column][\/vc_row]<\/p>\n<\/div>","protected":false},"excerpt":{"rendered":"<p class=\"post-excerpt\">[vc_row offset_top=&#8221;180&#8243; is_overlay=&#8221;enable&#8221; overlay_opacity=&#8221;65&#8243; overlay_color=&#8221;#192435&#8243; css=&#8221;.vc_custom_1695194423359{background-image: url(https:\/\/linksoft.ro\/staging\/wp-content\/uploads\/2023\/09\/Financial-operations.jpg?id=9392) !important;}&#8221; class=&#8221;hitb&#8221;][vc_column][vc_column_text class=&#8221;titlu-pagina&#8221;] Managementul aprovizion\u0103rii Companiile au nevoie de solu\u021bii durabile pentru a opera c\u00e2t mai eficient, astfel \u00ee\u0219i pot \u00eembun\u0103t\u0103\u021bivizibilitatea \u0219i lan\u021burile de aprovizionare la un nivel ridicat.[\/vc_column_text][\/vc_column][\/vc_row][vc_row offset_top=&#8221;180&#8243; class=&#8221;partenerul&#8221;][vc_column width=&#8221;1\/6&#8243;][\/vc_column][vc_column width=&#8221;2\/3&#8243;][vc_column_text] Acum po\u021bi ob\u021bine informa\u021bii mult mai rapid despre lan\u021bul de&#8230;\n<\/p>","protected":false},"author":13,"featured_media":0,"parent":9282,"menu_order":0,"comment_status":"closed","ping_status":"closed","template":"","meta":{"footnotes":""},"class_list":["post-9168","page","type-page","status-publish","hentry"],"_links":{"self":[{"href":"https:\/\/linksoft.ro\/staging\/wp-json\/wp\/v2\/pages\/9168","targetHints":{"allow":["GET"]}}],"collection":[{"href":"https:\/\/linksoft.ro\/staging\/wp-json\/wp\/v2\/pages"}],"about":[{"href":"https:\/\/linksoft.ro\/staging\/wp-json\/wp\/v2\/types\/page"}],"author":[{"embeddable":true,"href":"https:\/\/linksoft.ro\/staging\/wp-json\/wp\/v2\/users\/13"}],"replies":[{"embeddable":true,"href":"https:\/\/linksoft.ro\/staging\/wp-json\/wp\/v2\/comments?post=9168"}],"version-history":[{"count":7,"href":"https:\/\/linksoft.ro\/staging\/wp-json\/wp\/v2\/pages\/9168\/revisions"}],"predecessor-version":[{"id":9396,"href":"https:\/\/linksoft.ro\/staging\/wp-json\/wp\/v2\/pages\/9168\/revisions\/9396"}],"up":[{"embeddable":true,"href":"https:\/\/linksoft.ro\/staging\/wp-json\/wp\/v2\/pages\/9282"}],"wp:attachment":[{"href":"https:\/\/linksoft.ro\/staging\/wp-json\/wp\/v2\/media?parent=9168"}],"curies":[{"name":"wp","href":"https:\/\/api.w.org\/{rel}","templated":true}]}}