{"id":9194,"date":"2023-09-18T18:49:01","date_gmt":"2023-09-18T18:49:01","guid":{"rendered":"https:\/\/linksoft.ro\/staging\/staging\/?page_id=9194"},"modified":"2023-09-20T07:20:50","modified_gmt":"2023-09-20T07:20:50","slug":"comert","status":"publish","type":"page","link":"https:\/\/linksoft.ro\/staging\/dynamics-365-finance-and-operations-erp\/comert\/","title":{"rendered":"Comer\u0163"},"content":{"rendered":"<div class=\"wpb-content-wrapper\"><p>[vc_row offset_top=&#8221;180&#8243; is_overlay=&#8221;enable&#8221; overlay_opacity=&#8221;65&#8243; overlay_color=&#8221;#192435&#8243; css=&#8221;.vc_custom_1695194448899{background-image: url(https:\/\/linksoft.ro\/staging\/wp-content\/uploads\/2023\/09\/Financial-operations.jpg?id=9392) !important;}&#8221; class=&#8221;hitb&#8221;][vc_column][vc_column_text class=&#8221;titlu-pagina&#8221;]<\/p>\n<h1><strong>Comer\u021b<\/strong><\/h1>\n<p>Satisface-\u021bi nevoile de cump\u0103rare \u0219i de inventar prin implementarea tuturor<br \/>\naplica\u021biilor fundamentale de business.[\/vc_column_text]<div class=\"text-left\"><a href=\"\/contact\/\" title=\"Contact\" data-custom-color=\".btn-custom-80098968 {background-color: #1e53a8;}\n.btn-custom-80098968:hover {background-color: #163e7d;}\" class=\"btn btn-solid btn-rounded btn-custom btn-lg buton-titlu btn-custom-80098968\">Contacteaz\u0103-ne<\/a><\/div>[\/vc_column][\/vc_row][vc_row offset_top=&#8221;180&#8243; class=&#8221;partenerul&#8221;][vc_column width=&#8221;1\/6&#8243;][\/vc_column][vc_column width=&#8221;2\/3&#8243;]<h2 class=\"block-title text-dark text-center\">Descoper\u0103 solu\u021bii e-commerce aplicabile pe orice canal, pentru orice business!<\/h2><hr class=\"hr-solid hr-custom\" style=\"border-top-color: #e32636; border-top-width: 2px; opacity: 1;\">[vc_column_text]<\/p>\n<p style=\"text-align: center;\">Dynamics 365 Commerce \u00ee\u021bi ofer\u0103 posibilitatea de a observa \u0219i \u00een\u021belege cum func\u021bioneaz\u0103 ciclul unei comenzi. \u00cencep\u00e2nd cu optimizarea tuturor proceselor de achizi\u021bie \u0219i implementarea aplica\u021biilor de business fundamentale, care satisfac nevoile de achizi\u021bie \u0219i stoc: ave\u021bi \u0219ansa de a economisi at\u00e2t timp, c\u00e2t \u0219i resurse financiare. Un pas important spre \u00eendeplinirea obiectivelor este de a elimina poten\u021biale blocaje, prin activarea inteligen\u021bei robotice care s\u0103 automatizeze comenzile de achizi\u021bie, dar \u0219i alte cerin\u021be repetitive. \u00cembun\u0103t\u0103\u021be\u0219te func\u021biile aplica\u021biei prin utilizarea lor constant\u0103 \u0219i po\u021bi beneficia de pe urma unor diminu\u0103ri de costuri, care pot fi utilizate \u00een alt scop. De asemenea, permite un sistem comun care s\u0103 aib\u0103 \u00een vedere o prezentare general\u0103 a tuturor achizi\u021biilor finalizate \u0219i o vizibilitate mai mare a stocului. Acceseaz\u0103 date importante \u00eentr-un timp c\u00e2t mai scurt, pentru a vizualiza istoricul achizi\u021biilor, c\u00e2t \u0219i a tranzac\u021biile \u00een a\u0219teptare.<\/p>\n<p>[\/vc_column_text][\/vc_column][vc_column width=&#8221;1\/6&#8243;][\/vc_column][\/vc_row][vc_row offset_top=&#8221;180&#8243; class=&#8221;tech-imgtext2&#8243; css=&#8221;.vc_custom_1695056182328{padding-top: 25px !important;}&#8221;][vc_column width=&#8221;1\/2&#8243; class=&#8221;benef&#8221;][vc_column_text animation=&#8221;fade-right&#8221;]<strong>Creaz\u0103 mai multe experien\u021be de cump\u0103rare<\/strong><\/p>\n<ul>\n<li>Dispui de control \u0219i vizibilitate totale cu privire la \u00eentregul ciclu de cump\u0103rare, \u00eencep\u00e2nd cu nivelele de stoc p\u00e2n\u0103 la livrare.<\/li>\n<li>Adaug\u0103 c\u00e2t mai multe elemente \u00een documentele de sales sau purchasing.<\/li>\n<li>Ai access la o gam\u0103 variat\u0103 de pre\u021buri, \u00eenainte de a comanda, pe care s\u0103 le compari cu diver\u0219i furnizori, \u00een timp ce monitorizezi solicit\u0103rile<\/li>\n<li>Controleaz\u0103 achizi\u021biie end-to-end, iar simultan te po\u021bi ocupa de actualizarea de stoc<\/li>\n<\/ul>\n<p><strong>\u00a0<\/strong><strong>Pune la dispozi\u021bie companiilor un nou tip de inteligen\u021b\u0103<\/strong><\/p>\n<ul>\n<li>Controleaz\u0103 fiecare activitate a furnizorilor, de la \u00eenceput \u0219i p\u00e2n\u0103 la final, iar prin legitimizarea de furnizor ai capacitatea de a ad\u0103uga toate pl\u0103\u021bile \u00eentr-o interfa\u021b\u0103.<\/li>\n<li>Automatizeaz\u0103 activit\u0103\u021bile ce presupun expedierea produselor precum ordinea \u0219i datele expedierii, cu scopul de a ob\u021bine datele din inventar.<\/li>\n<li>Gestioneaz\u0103 facturile electronice \u0219i creeaz\u0103-le \u00een a\u0219a fel \u00eenc\u00e2t s\u0103 devin\u0103 facturi de achizi\u021bie a furnizorilor.<\/li>\n<\/ul>\n<p><strong>\u00a0<\/strong><strong>Gestioneaz\u0103 facturarea, datele \u0219i retururile <\/strong><\/p>\n<ul>\n<li>Creeaz\u0103 duplic\u0103ri ale recordurilor pentru a-\u021bi p\u0103stra informa\u021biile intacte<\/li>\n<li>O singur\u0103 surs\u0103 de achizi\u021bie \u00ee\u021bi permite s\u0103 fuzionezi diverse facturi<\/li>\n<li>Automatizeaz\u0103 emiterea unui raport de achizi\u021bie \u0219i prelucreaz\u0103 retururile dup\u0103 ce eviden\u021biezi comenzile returnate.<\/li>\n<\/ul>\n<p>[\/vc_column_text][\/vc_column][vc_column width=&#8221;1\/2&#8243;][vc_single_image animation=&#8221;fade-left&#8221; image=&#8221;9380&#8243;][\/vc_column][\/vc_row][vc_row offset_top=&#8221;18&#8243; class=&#8221;benef&#8221; css=&#8221;.vc_custom_1695056109241{padding-top: 25px !important;}&#8221;][vc_column][vc_column_text animation=&#8221;fade-right&#8221;]<\/p>\n<h3>Benefits:<\/h3>\n<ul>\n<li>Modulul commerce este construit pe o platform\u0103 unificat\u0103, care permite integrarea fluid\u0103 cu alte aplica\u021bii precum finan\u021be, lan\u021bul de aprovizionare sau engagementul clien\u021bilor.<\/li>\n<li>Comunic\u0103 deschis pe toate canalele cu clien\u021bii t\u0103i, precum social media, aplica\u021bii mobile, siteuri e-commerce sau chiar \u00een magazinele fizice, astfel te ajut\u0103 s\u0103 creezi experien\u021be personalizate pentru clien\u021bi<\/li>\n<li>Prin utilizarea inteligen\u021bei artificiale \u0219i \u00eenv\u0103\u021b\u0103rii automatizate (machine learning) ob\u021bii insight consistent pentru a optimiza pre\u021burile \u0219i a \u00eembun\u0103t\u0103\u021bi recomand\u0103rile de produse.<\/li>\n<\/ul>\n<p>[\/vc_column_text][\/vc_column][\/vc_row][vc_row offset_top=&#8221;180&#8243; class=&#8221;sectiunea2&#8243;][vc_column width=&#8221;1\/6&#8243;][\/vc_column][vc_column width=&#8221;2\/3&#8243;]<h2 class=\"block-title text-dark text-center\">Func\u021bioneaz\u0103 excelent cu<\/h2><hr class=\"hr-solid hr-custom\" style=\"border-top-color: #e32636; border-top-width: 2px; opacity: 1;\">[\/vc_column][vc_column width=&#8221;1\/6&#8243;][\/vc_column][\/vc_row][vc_row offset_top=&#8221;180&#8243; class=&#8221;icoane-echipa&#8221;][vc_column width=&#8221;1\/3&#8243;]<div class=\"icon-box icon-box-vertical icon-box-dark icon-box-type-image bg-no text-left\">\n\n\t<div class=\"icon-box-icon\"><img loading=\"lazy\" decoding=\"async\" width=\"512\" height=\"512\" src=\"https:\/\/linksoft.ro\/staging\/wp-content\/uploads\/2023\/09\/Compliance-and-security-1.png\" class=\"attachment-full size-full\" alt=\"\" srcset=\"https:\/\/linksoft.ro\/staging\/wp-content\/uploads\/2023\/09\/Compliance-and-security-1.png 512w, https:\/\/linksoft.ro\/staging\/wp-content\/uploads\/2023\/09\/Compliance-and-security-1-150x150.png 150w, https:\/\/linksoft.ro\/staging\/wp-content\/uploads\/2023\/09\/Compliance-and-security-1-300x300.png 300w, https:\/\/linksoft.ro\/staging\/wp-content\/uploads\/2023\/09\/Compliance-and-security-1-170x170.png 170w, https:\/\/linksoft.ro\/staging\/wp-content\/uploads\/2023\/09\/Compliance-and-security-1-400x400.png 400w\" sizes=\"auto, (max-width: 512px) 100vw, 512px\" \/><\/div><h3 class=\"icon-box-title\">Conformitate \u0219i securitate<\/h3>\t\t<div class=\"icon-box-description\">\n\t\t\t<p>Gestioneaz\u0103 \u0219i controleaz\u0103 poten\u021biale riscuri \u0219i men\u021bine, \u00een acela\u0219i timp, integritatea datelor prin intermediul func\u021bionalit\u0103\u021bilor de conformitate \u0219i securitate.<\/p>\n<a href=\"https:\/\/linksoft.ro\/dynamics-365-finance-and-operations\/conformitate-si-securitate\/\" title=\"Conformitate \u0219i securitate\" class=\"btn btn-ghost btn-rounded btn-default\">Afl\u0103 mai multe<\/a>\t\t<\/div>\n\t<\/div>[\/vc_column][vc_column width=&#8221;1\/3&#8243;][\/vc_column][vc_column width=&#8221;1\/3&#8243;]<div class=\"icon-box icon-box-vertical icon-box-dark icon-box-type-image bg-no text-center\">\n\n\t<div class=\"icon-box-icon\"><img loading=\"lazy\" decoding=\"async\" width=\"512\" height=\"512\" src=\"https:\/\/linksoft.ro\/staging\/wp-content\/uploads\/2023\/09\/financial-management.png\" class=\"attachment-full size-full\" alt=\"\" srcset=\"https:\/\/linksoft.ro\/staging\/wp-content\/uploads\/2023\/09\/financial-management.png 512w, https:\/\/linksoft.ro\/staging\/wp-content\/uploads\/2023\/09\/financial-management-150x150.png 150w, https:\/\/linksoft.ro\/staging\/wp-content\/uploads\/2023\/09\/financial-management-300x300.png 300w, https:\/\/linksoft.ro\/staging\/wp-content\/uploads\/2023\/09\/financial-management-170x170.png 170w, https:\/\/linksoft.ro\/staging\/wp-content\/uploads\/2023\/09\/financial-management-400x400.png 400w\" sizes=\"auto, (max-width: 512px) 100vw, 512px\" \/><\/div><h3 class=\"icon-box-title\">Management financiar<\/h3>\t\t<div class=\"icon-box-description\">\n\t\t\t<p>Rentabilitatea \u0219i succesul pe termen lung al unei organiza\u021bii se bazeaz\u0103 pe gestionarea financiar\u0103 corect\u0103, un rol vital \u00een asigurarea stabilit\u0103\u021bii financiare.<\/p>\n<a href=\"https:\/\/linksoft.ro\/dynamics-365-finance-and-operations\/management-financiar\/\" title=\"Financial Management\" class=\"btn btn-ghost btn-rounded btn-default\">Afl\u0103 mai multe<\/a>\t\t<\/div>\n\t<\/div>[\/vc_column][\/vc_row][vc_row offset_top=&#8221;180&#8243; class=&#8221;sectiunea2&#8243;][vc_column width=&#8221;1\/6&#8243;][\/vc_column][vc_column width=&#8221;2\/3&#8243;]<h2 class=\"block-title text-dark text-center titlu-ti\">Contacteaz\u0103-ne acum<small class=\"h2\">las\u0103-ne un mesaj \u0219i unul din consultan\u021bii no\u0219tri te va contacta \u00een mai pu\u021bin de 24 de ore<\/small><\/h2><hr class=\"hr-solid hr-custom\" style=\"border-top-color: #e32636; border-top-width: 2px; opacity: 1;\">[\/vc_column][vc_column width=&#8221;1\/6&#8243;][\/vc_column][\/vc_row][vc_row offset_top=&#8221;180&#8243; css=&#8221;.vc_custom_1614886909463{padding-bottom: 25px !important;}&#8221;][vc_column width=&#8221;1\/6&#8243;][\/vc_column][vc_column width=&#8221;2\/3&#8243;][wpforms id=&#8221;7196&#8243; title=&#8221;false&#8221; description=&#8221;false&#8221;][\/vc_column][vc_column width=&#8221;1\/6&#8243;][\/vc_column][\/vc_row]<\/p>\n<\/div>","protected":false},"excerpt":{"rendered":"<p class=\"post-excerpt\">[vc_row offset_top=&#8221;180&#8243; is_overlay=&#8221;enable&#8221; overlay_opacity=&#8221;65&#8243; overlay_color=&#8221;#192435&#8243; css=&#8221;.vc_custom_1695194448899{background-image: url(https:\/\/linksoft.ro\/staging\/wp-content\/uploads\/2023\/09\/Financial-operations.jpg?id=9392) !important;}&#8221; class=&#8221;hitb&#8221;][vc_column][vc_column_text class=&#8221;titlu-pagina&#8221;] Comer\u021b Satisface-\u021bi nevoile de cump\u0103rare \u0219i de inventar prin implementarea tuturor aplica\u021biilor fundamentale de business.[\/vc_column_text][\/vc_column][\/vc_row][vc_row offset_top=&#8221;180&#8243; class=&#8221;partenerul&#8221;][vc_column width=&#8221;1\/6&#8243;][\/vc_column][vc_column width=&#8221;2\/3&#8243;][vc_column_text] Dynamics 365 Commerce \u00ee\u021bi ofer\u0103 posibilitatea de a observa \u0219i \u00een\u021belege cum func\u021bioneaz\u0103 ciclul unei comenzi. \u00cencep\u00e2nd cu optimizarea tuturor proceselor&#8230;\n<\/p>","protected":false},"author":13,"featured_media":0,"parent":9282,"menu_order":0,"comment_status":"closed","ping_status":"closed","template":"","meta":{"footnotes":""},"class_list":["post-9194","page","type-page","status-publish","hentry"],"_links":{"self":[{"href":"https:\/\/linksoft.ro\/staging\/wp-json\/wp\/v2\/pages\/9194","targetHints":{"allow":["GET"]}}],"collection":[{"href":"https:\/\/linksoft.ro\/staging\/wp-json\/wp\/v2\/pages"}],"about":[{"href":"https:\/\/linksoft.ro\/staging\/wp-json\/wp\/v2\/types\/page"}],"author":[{"embeddable":true,"href":"https:\/\/linksoft.ro\/staging\/wp-json\/wp\/v2\/users\/13"}],"replies":[{"embeddable":true,"href":"https:\/\/linksoft.ro\/staging\/wp-json\/wp\/v2\/comments?post=9194"}],"version-history":[{"count":9,"href":"https:\/\/linksoft.ro\/staging\/wp-json\/wp\/v2\/pages\/9194\/revisions"}],"predecessor-version":[{"id":9399,"href":"https:\/\/linksoft.ro\/staging\/wp-json\/wp\/v2\/pages\/9194\/revisions\/9399"}],"up":[{"embeddable":true,"href":"https:\/\/linksoft.ro\/staging\/wp-json\/wp\/v2\/pages\/9282"}],"wp:attachment":[{"href":"https:\/\/linksoft.ro\/staging\/wp-json\/wp\/v2\/media?parent=9194"}],"curies":[{"name":"wp","href":"https:\/\/api.w.org\/{rel}","templated":true}]}}