{"id":9233,"date":"2023-09-18T19:27:40","date_gmt":"2023-09-18T19:27:40","guid":{"rendered":"https:\/\/linksoft.ro\/staging\/staging\/?page_id=9233"},"modified":"2023-09-19T14:54:22","modified_gmt":"2023-09-19T14:54:22","slug":"management-de-proiect","status":"publish","type":"page","link":"https:\/\/linksoft.ro\/staging\/dynamics-365-business-central-erp\/management-de-proiect\/","title":{"rendered":"Management de proiect"},"content":{"rendered":"<div class=\"wpb-content-wrapper\"><p>[vc_row offset_top=&#8221;180&#8243; is_overlay=&#8221;enable&#8221; overlay_opacity=&#8221;65&#8243; overlay_color=&#8221;#192435&#8243; class=&#8221;hitb&#8221; css=&#8221;.vc_custom_1629747097912{background-image: url(https:\/\/linksoft.ro\/staging\/wp-content\/uploads\/2021\/08\/Power-Automate-Header.jpg?id=8120) !important;}&#8221;][vc_column][vc_column_text class=&#8221;titlu-pagina&#8221;]<\/p>\n<h1>Management de proiect<\/h1>\n<p>O nou\u0103 abordare asupra \u00eembun\u0103t\u0103\u021birii companiei tale prin panourile de control<br \/>\ninteractive care s\u0103 monitorizeze execu\u021bia proiectelor \u0219i obiectivele acestuia. [\/vc_column_text]<div class=\"text-left\"><a href=\"\/contact\/\" title=\"Contact\" data-custom-color=\".btn-custom-03673e43 {background-color: #1e53a8;}\n.btn-custom-03673e43:hover {background-color: #163e7d;}\" class=\"btn btn-solid btn-rounded btn-custom btn-lg buton-titlu btn-custom-03673e43\">Contacteaza-ne<\/a><\/div>[\/vc_column][\/vc_row][vc_row offset_top=&#8221;180&#8243; class=&#8221;partenerul&#8221;][vc_column width=&#8221;1\/6&#8243;][\/vc_column][vc_column width=&#8221;2\/3&#8243;]<h2 class=\"block-title text-dark text-center\">Dep\u0103\u0219e\u0219te-\u021bi limitele \u0219i transform\u0103-\u021bi compania<\/h2><hr class=\"hr-solid hr-custom\" style=\"border-top-color: #e32636; border-top-width: 2px; opacity: 1;\">[vc_column_text]<\/p>\n<p style=\"text-align: center;\">Este momentul oportun s\u0103-\u021bi extinzi capacitatea de \u00eentocmire a proiectelor cu Dynamics 365 Business Central, prin implementarea unui set de instrumente care s\u0103 te ajute s\u0103 planifici, gestionezi \u0219i s\u0103 monitorizezi eficien\u021ba \u0219i progresul proiectelor. Cu func\u021biile din linia \u00eent\u00e2i \u00eendreptare spre simplificarea de buget, facturare, pontaj \u0219i costurile incluse \u00een joburile avansate, proiectele pot profita de un nivel ridicat de profitabilitate \u0219i precizie \u00een estim\u0103ri. Folose\u0219te-te de metodologia agil\u0103 de implementare, care te ajut\u0103 s\u0103 integrezi sistemul de planificare de proiect \u0219i ofer\u0103 o prezentare general\u0103 a resurselor, c\u00e2t \u0219i o vizualizare, \u00een timp real, a tuturor p\u0103r\u021bilor dintr-un proiect. At\u00e2t timp c\u00e2t exist\u0103 o linie comun\u0103 de comunicare, finalizarea proiectului devine un obiectiv simplu, deoarece Business Central ofer\u0103 func\u021bii adaptabile \u0219i scalabile, datorit\u0103 c\u0103rora po\u021bi personaliza pe baza nevoilor unui proiect. Bucur\u0103-te de o nou\u0103 abordare asupra \u00eembun\u0103t\u0103\u021birii companiei tale prin panourile de control interactive care s\u0103 monitorizeze execu\u021bia proiectelor \u0219i obiectivele acestuia. Dynamics 365 Business Central reprezint\u0103 nucleul capabilit\u0103\u021bilor complementare, incomparabile, care garanteaz\u0103 efectuarea celor mai bine definite proiecte.<\/p>\n<p>[\/vc_column_text][\/vc_column][vc_column width=&#8221;1\/6&#8243;][\/vc_column][\/vc_row][vc_row offset_top=&#8221;180&#8243; class=&#8221;tech-imgtext&#8221; css=&#8221;.vc_custom_1611937183531{padding-top: 25px !important;}&#8221;][vc_column width=&#8221;1\/2&#8243;][vc_column_text animation=&#8221;fade-right&#8221;]<\/p>\n<h3>Planific\u0103 proiectele \u00eentr-un mod eficient<\/h3>\n<ul>\n<li>Monitorizeaz\u0103 performan\u021ba proiectului prin generarea unei analize elaborate, care \u021bine eviden\u021ba profitabilit\u0103\u021bii, c\u00e2t \u0219i a modului \u00een care sunt utilizate resursele<\/li>\n<li>Gestioneaz\u0103 aprovizionarea tuturor resurselor, c\u00e2t \u0219i a achizi\u021bion\u0103rii acestora<\/li>\n<li>Folose\u0219te func\u021biile de creare, planificare \u0219i executare ale proiectelor \u0219i gestioneaz\u0103 bugetul<\/li>\n<li>Creeaz\u0103 \u0219i utilizeaz\u0103 pontajul pentru a \u021bine cont de anumite obiective, cerin\u021be, comenzi de serviciu \u0219i resursele pe care le consumi, pentru a determina productivitatea din cadrul proiectelor.<\/li>\n<\/ul>\n<p>[\/vc_column_text][\/vc_column][vc_column width=&#8221;1\/2&#8243;][vc_single_image animation=&#8221;fade-left&#8221; image=&#8221;9319&#8243;][\/vc_column][\/vc_row][vc_row offset_top=&#8221;180&#8243; class=&#8221;tech-imgtext&#8221; css=&#8221;.vc_custom_1611937187753{padding-top: 75px !important;padding-bottom: 75px !important;}&#8221;][vc_column width=&#8221;1\/2&#8243;][vc_single_image animation=&#8221;fade-right&#8221; image=&#8221;9318&#8243;][\/vc_column][vc_column width=&#8221;1\/2&#8243; class=&#8221;primul&#8221;][vc_column_text animation=&#8221;fade-left&#8221;]<\/p>\n<h3>Diminueaz\u0103 riscul de deficit al resurselor<\/h3>\n<ul>\n<li>\u00cencepe proiectul \u0219i aloc\u0103 resurse proiectelor care pot produce profit \u0219i pot duce la bun sf\u00e2r\u0219it cerin\u021bele.<\/li>\n<li>\u00cen momentul \u00een care un proiect este finalizat, genereaz\u0103 automat facturi c\u0103tre clien\u021bi<\/li>\n<li>Prime\u0219te notific\u0103ri \u00een momentul \u00een care se produc duplicate \u0219i alte solicit\u0103ri automate.<\/li>\n<\/ul>\n<p>[\/vc_column_text][\/vc_column][\/vc_row][vc_row offset_top=&#8221;180&#8243; class=&#8221;tech-imgtext&#8221; css=&#8221;.vc_custom_1611937183531{padding-top: 25px !important;}&#8221;][vc_column width=&#8221;1\/2&#8243;][vc_column_text animation=&#8221;fade-right&#8221;]<\/p>\n<h3>Reduce timpul \u0219i simplific\u0103 procesele de facturare<\/h3>\n<ul>\n<li>Monitorizeaz\u0103 timpul de utilizare al resurselor pentru a te asigura c\u0103 facturile se alinieaz\u0103 cu costurile fiec\u0103rui proiect.<\/li>\n<li>Ofer\u0103 estim\u0103ri precise asupra implic\u0103rilor financiare ale joburilor \u00een progres.<\/li>\n<li>Vizualizeaz\u0103 compara\u021biile de buget cu consumul acestuia \u00een timp real.<\/li>\n<\/ul>\n<p>[\/vc_column_text][\/vc_column][vc_column width=&#8221;1\/2&#8243;][vc_single_image animation=&#8221;fade-left&#8221; image=&#8221;9317&#8243;][\/vc_column][\/vc_row][vc_row offset_top=&#8221;180&#8243; class=&#8221;sectiunea2&#8243;][vc_column width=&#8221;1\/6&#8243;][\/vc_column][vc_column width=&#8221;2\/3&#8243;]<h2 class=\"block-title text-dark text-center titlu-ti\">Contacteaz\u0103-ne acum<small class=\"h2\">las\u0103-ne un mesaj \u0219i unul din consultan\u021bii no\u0219tri te va contacta \u00een mai pu\u021bin de 24 de ore<\/small><\/h2><hr class=\"hr-solid hr-custom\" style=\"border-top-color: #e32636; border-top-width: 2px; opacity: 1;\">[\/vc_column][vc_column width=&#8221;1\/6&#8243;][\/vc_column][\/vc_row][vc_row][vc_column width=&#8221;1\/6&#8243;][\/vc_column][vc_column width=&#8221;2\/3&#8243;][wpforms id=&#8221;7196&#8243; title=&#8221;false&#8221; description=&#8221;false&#8221;][\/vc_column][vc_column width=&#8221;1\/6&#8243;][\/vc_column][\/vc_row]<\/p>\n<\/div>","protected":false},"excerpt":{"rendered":"<p class=\"post-excerpt\">[vc_row offset_top=&#8221;180&#8243; is_overlay=&#8221;enable&#8221; overlay_opacity=&#8221;65&#8243; overlay_color=&#8221;#192435&#8243; class=&#8221;hitb&#8221; css=&#8221;.vc_custom_1629747097912{background-image: url(https:\/\/linksoft.ro\/staging\/wp-content\/uploads\/2021\/08\/Power-Automate-Header.jpg?id=8120) !important;}&#8221;][vc_column][vc_column_text class=&#8221;titlu-pagina&#8221;] Management de proiect O nou\u0103 abordare asupra \u00eembun\u0103t\u0103\u021birii companiei tale prin panourile de control interactive care s\u0103 monitorizeze execu\u021bia proiectelor \u0219i obiectivele acestuia. [\/vc_column_text][\/vc_column][\/vc_row][vc_row offset_top=&#8221;180&#8243; class=&#8221;partenerul&#8221;][vc_column width=&#8221;1\/6&#8243;][\/vc_column][vc_column width=&#8221;2\/3&#8243;][vc_column_text] Este momentul oportun s\u0103-\u021bi extinzi capacitatea de \u00eentocmire a proiectelor cu Dynamics&#8230;\n<\/p>","protected":false},"author":13,"featured_media":0,"parent":9243,"menu_order":0,"comment_status":"closed","ping_status":"closed","template":"","meta":{"footnotes":""},"class_list":["post-9233","page","type-page","status-publish","hentry"],"_links":{"self":[{"href":"https:\/\/linksoft.ro\/staging\/wp-json\/wp\/v2\/pages\/9233","targetHints":{"allow":["GET"]}}],"collection":[{"href":"https:\/\/linksoft.ro\/staging\/wp-json\/wp\/v2\/pages"}],"about":[{"href":"https:\/\/linksoft.ro\/staging\/wp-json\/wp\/v2\/types\/page"}],"author":[{"embeddable":true,"href":"https:\/\/linksoft.ro\/staging\/wp-json\/wp\/v2\/users\/13"}],"replies":[{"embeddable":true,"href":"https:\/\/linksoft.ro\/staging\/wp-json\/wp\/v2\/comments?post=9233"}],"version-history":[{"count":2,"href":"https:\/\/linksoft.ro\/staging\/wp-json\/wp\/v2\/pages\/9233\/revisions"}],"predecessor-version":[{"id":9328,"href":"https:\/\/linksoft.ro\/staging\/wp-json\/wp\/v2\/pages\/9233\/revisions\/9328"}],"up":[{"embeddable":true,"href":"https:\/\/linksoft.ro\/staging\/wp-json\/wp\/v2\/pages\/9243"}],"wp:attachment":[{"href":"https:\/\/linksoft.ro\/staging\/wp-json\/wp\/v2\/media?parent=9233"}],"curies":[{"name":"wp","href":"https:\/\/api.w.org\/{rel}","templated":true}]}}